{"id":123,"date":"2016-03-15T23:40:16","date_gmt":"2016-03-15T22:40:16","guid":{"rendered":"http:\/\/www.bremer-imker.de\/bremer-imkerverein\/?page_id=123"},"modified":"2026-02-16T08:43:36","modified_gmt":"2026-02-16T07:43:36","slug":"imkerlehrgang-allgemein","status":"publish","type":"page","link":"https:\/\/www.bremer-imker.de\/bremer-imkerverein\/imkerlehrgang-allgemein\/","title":{"rendered":"Imkerlehrgang Allgemein"},"content":{"rendered":"\n<p><strong>Imkerliche Grundschulung mit Honigkurs im<br>Imkerverein Bremen v. 1875 e.V.<\/strong><\/p>\n\n\n\n<p><strong>F\u00fcr den Imkergrundkurs 2026 sind alle Pl\u00e4tze vergeben.<\/strong><\/p>\n\n\n\n<p>F\u00fcr 2027 k\u00f6nnen Sie sich gerne unverbindlich Vormerken lassen. Ich schreibe Sie dann im September an, mit der M\u00f6glichkeit sich dann verbindlichen Anzumelden. &nbsp;<\/p>\n\n\n\n<p>Melden Sie sich bei Interesse gern&nbsp; unter :&nbsp;<a href=\"mailto:kursleitung@bremer-imker.de\" target=\"_blank\" rel=\"noreferrer noopener\">kursleitung@bremer-imker.de<\/a><\/p>\n\n\n\n<p>Zu Kurs:<\/p>\n\n\n\n<p>Das Ern\u00fcchtere vorweg. Eine Imkerausbildung bieten wir nicht. Dies w\u00e4re ein ordentlicher Ausbildungsberuf mit einer dreij\u00e4hrigen Ausbildung in einem anerkannten Ausbildungsbetrieb mit Berufsschule im Block. Die zentrale Berufsschule f\u00fcr angehende Tierwirte, mit der Fachrichtung Imkerei, befindet sich in Celle.<\/p>\n\n\n\n<p>Was wir bieten, ist der Einstieg in die Bienenhaltung. An 10 Kurstagen werden den TeilnehmerInnen in Theorie und vor allem Praxis die Grundlagen der Bienenhaltung aufgezeigt. Welche Beute ist f\u00fcr mich die Richtigeund wo stelle ich diese am besten auf?<\/p>\n\n\n\n<p>Welche Rolle spiele ich um die V\u00f6lker gesund und erfolgreich zu f\u00fchren? Welche gesetzlichen Vorgaben sind zu beachten?<\/p>\n\n\n\n<p>Zwei der 10 Tage widmen sich dem Thema Honig (Honig Kurs D.I.B.).Die Termine sind \u00fcber 8 Monate verteilt und folgen dem Lauf des Bienenjahres. An allen 10 Kurstagen sind mindestens zwei Referenten f\u00fcr die TeilnehmerInnen da. Die Gruppengr\u00f6\u00dfe liegt bei max. 25 TeilnehmerInnen. So unterschiedlich wie die Imkerei, ist auch unser&nbsp;&nbsp; Referenten-Team. Die einen halten \u00fcber 20 V\u00f6lker und anderen nur wenige bzw. keine.<\/p>\n\n\n\n<p>Es gibt nicht \u201cDen Weg\u201d erfolgreich zu Imkern, sondern sehr viele. Einen Teil stellen wir Ihnen vor. Was uns eint, ist die Begeisterung am Superorganismus&nbsp; \u201cBien\u201d. Wenn Sie Interesse haben, nehmen Sie gerne mit mir Kontakt auf (Kontaktdaten siehe unten bzw. oben). Wir freuen uns Sie in unserem Kurs begr\u00fc\u00dfen zu d\u00fcrfen.<\/p>\n\n\n\n<p>Wenn der Kurs dazu gef\u00fchrt haben das Sie in die Bienenhaltung einsteigen und Tierhalter werden, sollte das Lernen weiter gehen. Die Bieneninstitute und auch wir machen Angebote zur Weiterbildung und zum Austausch.<\/p>\n\n\n\n<p><br>Marten Carstensen<br>Kursleiter<br>Imkerverein Bremen von 1875 e.V.<br>Meiermoorweg 5928357 Bremen<br>Tel.: 04214940447<br>E-Mail: kursleitung@bremer-imker.de<\/p>\n\n\n\n<figure class=\"wp-block-gallery has-nested-images columns-default is-cropped wp-block-gallery-1 is-layout-flex wp-block-gallery-is-layout-flex\">\n<figure class=\"wp-block-image size-large\"><img decoding=\"async\" data-id=\"5106\" src=\"https:\/\/www.bremer-imker.de\/bremer-imkerverein\/wp-content\/uploads\/2024\/05\/IMG_5226.jpg\" alt=\"\" class=\"wp-image-5106\"\/><\/figure>\n\n\n\n<figure class=\"wp-block-image size-large\"><img decoding=\"async\" data-id=\"5104\" src=\"https:\/\/www.bremer-imker.de\/bremer-imkerverein\/wp-content\/uploads\/2024\/05\/IMG_5215.jpg\" alt=\"\" class=\"wp-image-5104\"\/><\/figure>\n\n\n\n<figure class=\"wp-block-image size-large\"><img decoding=\"async\" data-id=\"5103\" src=\"https:\/\/www.bremer-imker.de\/bremer-imkerverein\/wp-content\/uploads\/2024\/05\/IMG_5214.jpg\" alt=\"\" class=\"wp-image-5103\"\/><\/figure>\n\n\n\n<figure class=\"wp-block-image size-large\"><img decoding=\"async\" data-id=\"5101\" src=\"https:\/\/www.bremer-imker.de\/bremer-imkerverein\/wp-content\/uploads\/2024\/05\/IMG_5211.jpg\" alt=\"\" class=\"wp-image-5101\"\/><\/figure>\n\n\n\n<figure class=\"wp-block-image size-large\"><img decoding=\"async\" data-id=\"5105\" src=\"https:\/\/www.bremer-imker.de\/bremer-imkerverein\/wp-content\/uploads\/2024\/05\/IMG_5210.jpg\" alt=\"\" class=\"wp-image-5105\"\/><\/figure>\n\n\n\n<figure class=\"wp-block-image size-large\"><img decoding=\"async\" data-id=\"5102\" src=\"https:\/\/www.bremer-imker.de\/bremer-imkerverein\/wp-content\/uploads\/2024\/05\/IMG_5228.jpg\" alt=\"\" class=\"wp-image-5102\"\/><\/figure>\n<\/figure>\n\n\n\n<div data-wp-interactive=\"core\/file\" class=\"wp-block-file\"><object data-wp-bind--hidden=\"!state.hasPdfPreview\" hidden class=\"wp-block-file__embed\" data=\"https:\/\/www.bremer-imker.de\/bremer-imkerverein\/wp-content\/uploads\/2025\/12\/Kursplan-2026-1.pdf\" type=\"application\/pdf\" style=\"width:100%;height:600px\" aria-label=\"Einbettung von Kursplan 2026  (1).\"><\/object><a id=\"wp-block-file--media-3abd2df6-fc59-4177-aede-69187c2e08bd\" href=\"https:\/\/www.bremer-imker.de\/bremer-imkerverein\/wp-content\/uploads\/2025\/12\/Kursplan-2026-1.pdf\">Kursplan 2026  (1)<\/a><a href=\"https:\/\/www.bremer-imker.de\/bremer-imkerverein\/wp-content\/uploads\/2025\/12\/Kursplan-2026-1.pdf\" class=\"wp-block-file__button wp-element-button\" download aria-describedby=\"wp-block-file--media-3abd2df6-fc59-4177-aede-69187c2e08bd\">Herunterladen<\/a><\/div>\n","protected":false},"excerpt":{"rendered":"<p>Imkerliche Grundschulung mit Honigkurs imImkerverein Bremen v. 1875 e.V. F\u00fcr den Imkergrundkurs 2026 sind alle Pl\u00e4tze vergeben. F\u00fcr 2027 k\u00f6nnen Sie sich gerne unverbindlich Vormerken lassen. Ich schreibe Sie dann im September an, mit der M\u00f6glichkeit sich dann verbindlichen Anzumelden. &nbsp; Melden Sie sich bei Interesse gern&nbsp; unter :&nbsp;kursleitung@bremer-imker.de Zu Kurs: Das Ern\u00fcchtere vorweg. Eine &hellip; <\/p>\n<p class=\"link-more\"><a href=\"https:\/\/www.bremer-imker.de\/bremer-imkerverein\/imkerlehrgang-allgemein\/\" class=\"more-link\">Mehr <span class=\"screen-reader-text\">\u00fcber &#8222;Imkerlehrgang Allgemein&#8220; <\/span>Lesen<\/a><\/p>\n","protected":false},"author":2,"featured_media":0,"parent":0,"menu_order":0,"comment_status":"closed","ping_status":"closed","template":"","meta":{"_mc_calendar":[],"footnotes":""},"class_list":["post-123","page","type-page","status-publish","hentry"],"_links":{"self":[{"href":"https:\/\/www.bremer-imker.de\/bremer-imkerverein\/wp-json\/wp\/v2\/pages\/123","targetHints":{"allow":["GET"]}}],"collection":[{"href":"https:\/\/www.bremer-imker.de\/bremer-imkerverein\/wp-json\/wp\/v2\/pages"}],"about":[{"href":"https:\/\/www.bremer-imker.de\/bremer-imkerverein\/wp-json\/wp\/v2\/types\/page"}],"author":[{"embeddable":true,"href":"https:\/\/www.bremer-imker.de\/bremer-imkerverein\/wp-json\/wp\/v2\/users\/2"}],"replies":[{"embeddable":true,"href":"https:\/\/www.bremer-imker.de\/bremer-imkerverein\/wp-json\/wp\/v2\/comments?post=123"}],"version-history":[{"count":28,"href":"https:\/\/www.bremer-imker.de\/bremer-imkerverein\/wp-json\/wp\/v2\/pages\/123\/revisions"}],"predecessor-version":[{"id":5681,"href":"https:\/\/www.bremer-imker.de\/bremer-imkerverein\/wp-json\/wp\/v2\/pages\/123\/revisions\/5681"}],"wp:attachment":[{"href":"https:\/\/www.bremer-imker.de\/bremer-imkerverein\/wp-json\/wp\/v2\/media?parent=123"}],"curies":[{"name":"wp","href":"https:\/\/api.w.org\/{rel}","templated":true}]}}

<p><strong>Imkerliche Grundschulung mit Honigkurs im<br>Imkerverein Bremen v. 1875 e.V.</strong></p>



<p><strong>Für den Imkergrundkurs 2026 sind alle Plätze vergeben.</strong></p>



<p>Für 2027 können Sie sich gerne unverbindlich Vormerken lassen. Ich schreibe Sie dann im September an, mit der Möglichkeit sich dann verbindlichen Anzumelden. &nbsp;</p>



<p>Melden Sie sich bei Interesse gern&nbsp; unter :&nbsp;<a href="mailto:kursleitung@bremer-imker.de" target="_blank" rel="noreferrer noopener">kursleitung@bremer-imker.de</a></p>



<p>Zu Kurs:</p>



<p>Das Ernüchtere vorweg. Eine Imkerausbildung bieten wir nicht. Dies wäre ein ordentlicher Ausbildungsberuf mit einer dreijährigen Ausbildung in einem anerkannten Ausbildungsbetrieb mit Berufsschule im Block. Die zentrale Berufsschule für angehende Tierwirte, mit der Fachrichtung Imkerei, befindet sich in Celle.</p>



<p>Was wir bieten, ist der Einstieg in die Bienenhaltung. An 10 Kurstagen werden den TeilnehmerInnen in Theorie und vor allem Praxis die Grundlagen der Bienenhaltung aufgezeigt. Welche Beute ist für mich die Richtigeund wo stelle ich diese am besten auf?</p>



<p>Welche Rolle spiele ich um die Völker gesund und erfolgreich zu führen? Welche gesetzlichen Vorgaben sind zu beachten?</p>



<p>Zwei der 10 Tage widmen sich dem Thema Honig (Honig Kurs D.I.B.).Die Termine sind über 8 Monate verteilt und folgen dem Lauf des Bienenjahres. An allen 10 Kurstagen sind mindestens zwei Referenten für die TeilnehmerInnen da. Die Gruppengröße liegt bei max. 25 TeilnehmerInnen. So unterschiedlich wie die Imkerei, ist auch unser&nbsp;&nbsp; Referenten-Team. Die einen halten über 20 Völker und anderen nur wenige bzw. keine.</p>



<p>Es gibt nicht “Den Weg” erfolgreich zu Imkern, sondern sehr viele. Einen Teil stellen wir Ihnen vor. Was uns eint, ist die Begeisterung am Superorganismus&nbsp; “Bien”. Wenn Sie Interesse haben, nehmen Sie gerne mit mir Kontakt auf (Kontaktdaten siehe unten bzw. oben). Wir freuen uns Sie in unserem Kurs begrüßen zu dürfen.</p>



<p>Wenn der Kurs dazu geführt haben das Sie in die Bienenhaltung einsteigen und Tierhalter werden, sollte das Lernen weiter gehen. Die Bieneninstitute und auch wir machen Angebote zur Weiterbildung und zum Austausch.</p>



<p><br>Marten Carstensen<br>Kursleiter<br>Imkerverein Bremen von 1875 e.V.<br>Meiermoorweg 5928357 Bremen<br>Tel.: 04214940447<br>E-Mail: kursleitung@bremer-imker.de</p>



<figure class="wp-block-gallery has-nested-images columns-default is-cropped wp-block-gallery-1 is-layout-flex wp-block-gallery-is-layout-flex">
<figure class="wp-block-image size-large"><img decoding="async" data-id="5106" src="https://www.bremer-imker.de/bremer-imkerverein/wp-content/uploads/2024/05/IMG_5226.jpg" alt="" class="wp-image-5106"/></figure>



<figure class="wp-block-image size-large"><img decoding="async" data-id="5104" src="https://www.bremer-imker.de/bremer-imkerverein/wp-content/uploads/2024/05/IMG_5215.jpg" alt="" class="wp-image-5104"/></figure>



<figure class="wp-block-image size-large"><img decoding="async" data-id="5103" src="https://www.bremer-imker.de/bremer-imkerverein/wp-content/uploads/2024/05/IMG_5214.jpg" alt="" class="wp-image-5103"/></figure>



<figure class="wp-block-image size-large"><img decoding="async" data-id="5101" src="https://www.bremer-imker.de/bremer-imkerverein/wp-content/uploads/2024/05/IMG_5211.jpg" alt="" class="wp-image-5101"/></figure>



<figure class="wp-block-image size-large"><img decoding="async" data-id="5105" src="https://www.bremer-imker.de/bremer-imkerverein/wp-content/uploads/2024/05/IMG_5210.jpg" alt="" class="wp-image-5105"/></figure>



<figure class="wp-block-image size-large"><img decoding="async" data-id="5102" src="https://www.bremer-imker.de/bremer-imkerverein/wp-content/uploads/2024/05/IMG_5228.jpg" alt="" class="wp-image-5102"/></figure>
</figure>



<div data-wp-interactive="core/file" class="wp-block-file"><object data-wp-bind--hidden="!state.hasPdfPreview" hidden class="wp-block-file__embed" data="https://www.bremer-imker.de/bremer-imkerverein/wp-content/uploads/2025/12/Kursplan-2026-1.pdf" type="application/pdf" style="width:100%;height:600px" aria-label="Einbettung von Kursplan 2026  (1)."></object><a id="wp-block-file--media-3abd2df6-fc59-4177-aede-69187c2e08bd" href="https://www.bremer-imker.de/bremer-imkerverein/wp-content/uploads/2025/12/Kursplan-2026-1.pdf">Kursplan 2026  (1)</a><a href="https://www.bremer-imker.de/bremer-imkerverein/wp-content/uploads/2025/12/Kursplan-2026-1.pdf" class="wp-block-file__button wp-element-button" download aria-describedby="wp-block-file--media-3abd2df6-fc59-4177-aede-69187c2e08bd">Herunterladen</a></div>

<p>Imkerliche Grundschulung mit Honigkurs imImkerverein Bremen v. 1875 e.V. Für den Imkergrundkurs 2026 sind alle Plätze vergeben. Für 2027 können Sie sich gerne unverbindlich Vormerken lassen. Ich schreibe Sie dann im September an, mit der Möglichkeit sich dann verbindlichen Anzumelden. &nbsp; Melden Sie sich bei Interesse gern&nbsp; unter :&nbsp;kursleitung@bremer-imker.de Zu Kurs: Das Ernüchtere vorweg. Eine &hellip; </p>
<p class="link-more"><a href="https://www.bremer-imker.de/bremer-imkerverein/imkerlehrgang-allgemein/" class="more-link">Mehr <span class="screen-reader-text">über &#8222;Imkerlehrgang Allgemein&#8220; </span>Lesen</a></p>
