{"id":154,"date":"2016-03-05T12:41:13","date_gmt":"2016-03-05T11:41:13","guid":{"rendered":"http:\/\/www.bremer-imker.de\/bremer-imkerverein\/?page_id=154"},"modified":"2019-07-08T22:13:18","modified_gmt":"2019-07-08T20:13:18","slug":"datenschutz","status":"publish","type":"page","link":"https:\/\/www.bremer-imker.de\/bremer-imkerverein\/datenschutz\/","title":{"rendered":"Datenschutz"},"content":{"rendered":"<h2><span style=\"color: #008000;\">Datenschutzerkl\u00e4rung<\/span><\/h2>\n<p><strong>Sehr geehrte Besucherinnen und Besucher unseres Internetportals<\/strong>,<br>damit Sie sich beim Besuch unserer Webseiten sicher und wohl f\u00fchlen, m\u00f6chten wir Sie nachfolgend \u00fcber den Umgang mit Ihren Daten informieren.<\/p>\n<h4><strong>1. Name und Kontaktdaten des Verantwortlichen<\/strong><\/h4>\n<p>Verantwortlicher im Sinne des Art. 13 Abs. 1 lit. a) DS-GVO ist<\/p>\n<p>Name des Vereins: &nbsp;&nbsp;&nbsp;&nbsp;&nbsp;&nbsp;&nbsp;&nbsp;&nbsp; Imkerverein Bremen von 1875 e.V.<\/p>\n<p>Vorstand:&nbsp;&nbsp;&nbsp;&nbsp;&nbsp;&nbsp;&nbsp;&nbsp;&nbsp;&nbsp;&nbsp;&nbsp;&nbsp;&nbsp;&nbsp;&nbsp;&nbsp;&nbsp;&nbsp;&nbsp;&nbsp;&nbsp;&nbsp;&nbsp;&nbsp;&nbsp;<\/p>\n<p>1. Vorsitzender:<br>\nAugust-Wilhelm Schinkel<br>\nHammestr. 47<br>\n28876 Oyten<br>\nTel.: 04207 2185<br>\nE-Mail: <a href=\"mailto:aw.schinkel@bremer-imker.de\">aw.schinkel@bremer-imker.de<\/a><\/p>\n<p>2. Vorsitzender:<br>\nMarten Carstensen<br>\nSauerlandstra\u00dfe 16, 28205 Bremen<br>\nTel.: 0421 494 0447<br>\nE-Mail: <a href=\"mailto:m.carstensen@bremer-imker.de\">m.carstensen@bremer-imker.de<\/a><\/p>\n<h4><strong> 2. <\/strong><strong>Zwecke und Rechtsgrundlage der Verarbeitung<\/strong><\/h4>\n<p>Art. 6 Abs. 1 S. 1 lit. a) DS-GVO: Einwilligung der betroffenen Person<br>\nArt. 6 Abs. 1 S. 1 lit. f) DS-GVO: bei Datenverarbeitungen zur Wahrung berechtigter Vereinsinteressen<\/p>\n<p>Der Imkerverein verarbeitet folgende personenbezogene Daten:<\/p>\n<ul>\n<li>Zur Nutzung unseres Kontaktformulars ben\u00f6tigen wir Ihren Namen und Ihre E-Mail-Adresse sowie die Angabe, ob sie Mitglied oder Besucher sind. Weitere Angaben k\u00f6nnen Sie mitteilen, m\u00fcssen dies jedoch nicht. Ihre Daten verwenden wir ausschlie\u00dflich f\u00fcr die Bearbeitung Ihrer Anfrage.<\/li>\n<\/ul>\n<p>Die Rechtsgrundlage hierf\u00fcr ist Art. 6 Abs. 1 S. 1 lit. f) DS-GVO.<\/p>\n<p>&nbsp;<\/p>\n<h4><strong> 3. Empf\u00e4nger der personenbezogenen Daten<\/strong><\/h4>\n<p>Empf\u00e4nger der personenbezogenen Daten ist ausschlie\u00dflich der Imkerverein Bremen von 1875 e. V.. Wir \u00fcbermitteln Ihre personenbezogenen Daten grunds\u00e4tzlich nicht an Dritte.<\/p>\n<p>Ausnahme: Bei der Mitteilung der \u00c4nderung der V\u00f6lkerzahlen wird dies an den Landesverband der Imker Weser-Ems weitergeleitet, damit die Versicherung \u00fcber die Firma Gaede &amp; Glauerdt angepasst werden kann.<\/p>\n<h4><strong>&nbsp;<\/strong><strong>4. Speicherdauer<\/strong><\/h4>\n<p>Die IP-Adressen, die beim Besuch der Vereinswebseite gespeichert werden, werden entsprechend den gesetzlichen Grundlagen gel\u00f6scht.<\/p>\n<h4><strong>5. <\/strong><strong>Betroffenenrechte<\/strong><\/h4>\n<p>Dem Vereinsmitglied steht ein Recht auf Auskunft (Art. 15 DS-GVO) sowie ein Recht auf Berichtigung (Art. 16 DS-GVO) oder L\u00f6schung (Art. 17 DS-GVO) oder auf Einschr\u00e4nkung der Verarbeitung (Art. 18 DS-GVO) oder ein Recht auf Widerspruch gegen die Verarbeitung (Art. 21 DS-GVO) sowie ein Recht auf Daten\u00fcbertragbarkeit (Art. 20 DS-GVO) zu.<\/p>\n<p>Das Vereinsmitglied hat das Recht, seine datenschutzrechtliche Einwilligungserkl\u00e4rung jederzeit zu widerrufen. Durch den Widerruf der Einwilligung wird die Rechtm\u00e4\u00dfigkeit der aufgrund der Einwilligung bis zum Widerruf erfolgten Verarbeitung nicht ber\u00fchrt.<\/p>\n<p>Dem Vereinsmitglied steht ferner ein Beschwerderecht bei einer Datenschutz-Aufsichtsbeh\u00f6rde zu.<\/p>\n<h4><strong>6. Cookies<\/strong><\/h4>\n<p>Cookies sind kleine Dateien, die auf der Festplatte eines Besuchers abgelegt werden. Sie erlauben es, Informationen \u00fcber einen bestimmten Zeitraum vorzuhalten und den Rechner des Besuchers zu identifizieren. Zur besseren Benutzerf\u00fchrung und individuellen Leistungsdarstellung setzen wir permanente Cookies ein. Ferner verwenden wir sog. Session-Cookies, die automatisch gel\u00f6scht werden, wenn Sie Ihren Browser schlie\u00dfen. Sie k\u00f6nnen Ihren Browser so einstellen, dass er Sie \u00fcber die Platzierung von Cookies informiert. So wird der Gebrauch von Cookies f\u00fcr Sie transparent.<\/p>\n<p>Wir \u00fcbermitteln Ihre personenbezogenen Daten grunds\u00e4tzlich nicht an Dritte.<\/p>\n<h4><strong>7. Nutzungsdaten<\/strong><\/h4>\n<p>Um die Qualit\u00e4t unserer Webseiten zu verbessern, speichern wir zu statistischen Zwecken Daten \u00fcber den einzelnen Zugriff auf unsere Seiten. Dieser Datensatz besteht aus<\/p>\n<ul>\n<li>der Seite, von der aus die Datei angefordert wurde,<\/li>\n<li>dem Namen der Datei,<\/li>\n<li>dem Datum und der Uhrzeit der Abfrage,<\/li>\n<li>der \u00fcbertragene Datenmenge,<\/li>\n<li>dem Zugriffsstatus (Datei \u00fcbertragen, Datei nicht gefunden),<\/li>\n<li>der Beschreibung des Typs des verwendeten Webbrowsers,<\/li>\n<li>der IP-Adresse des anfragenden Rechners verk\u00fcrzt um die letzten drei Stellen.<\/li>\n<\/ul>\n<p>Diese Daten werden gem\u00e4\u00df Telemediengesetz anonymisiert gespeichert. Die Erstellung von personenbezogenen Nutzerprofilen ist damit ausgeschlossen.<\/p>\n<p>Die Rechtsgrundlage hierf\u00fcr ist Art. 6 Abs. 1 S. 1 lit. f) DS-GVO.<\/p>\n\n\n<p><\/p>\n","protected":false},"excerpt":{"rendered":"<p>Datenschutzerkl\u00e4rung Sehr geehrte Besucherinnen und Besucher unseres Internetportals,damit Sie sich beim Besuch unserer Webseiten sicher und wohl f\u00fchlen, m\u00f6chten wir Sie nachfolgend \u00fcber den Umgang mit Ihren Daten informieren. 1. Name und Kontaktdaten des Verantwortlichen Verantwortlicher im Sinne des Art. 13 Abs. 1 lit. a) DS-GVO ist Name des Vereins: &nbsp;&nbsp;&nbsp;&nbsp;&nbsp;&nbsp;&nbsp;&nbsp;&nbsp; Imkerverein Bremen von 1875 &hellip; <\/p>\n<p class=\"link-more\"><a href=\"https:\/\/www.bremer-imker.de\/bremer-imkerverein\/datenschutz\/\" class=\"more-link\">Mehr <span class=\"screen-reader-text\">\u00fcber &#8222;Datenschutz&#8220; <\/span>Lesen<\/a><\/p>\n","protected":false},"author":2,"featured_media":0,"parent":0,"menu_order":0,"comment_status":"closed","ping_status":"closed","template":"","meta":{"_mc_calendar":[],"footnotes":""},"class_list":["post-154","page","type-page","status-publish","hentry"],"_links":{"self":[{"href":"https:\/\/www.bremer-imker.de\/bremer-imkerverein\/wp-json\/wp\/v2\/pages\/154","targetHints":{"allow":["GET"]}}],"collection":[{"href":"https:\/\/www.bremer-imker.de\/bremer-imkerverein\/wp-json\/wp\/v2\/pages"}],"about":[{"href":"https:\/\/www.bremer-imker.de\/bremer-imkerverein\/wp-json\/wp\/v2\/types\/page"}],"author":[{"embeddable":true,"href":"https:\/\/www.bremer-imker.de\/bremer-imkerverein\/wp-json\/wp\/v2\/users\/2"}],"replies":[{"embeddable":true,"href":"https:\/\/www.bremer-imker.de\/bremer-imkerverein\/wp-json\/wp\/v2\/comments?post=154"}],"version-history":[{"count":16,"href":"https:\/\/www.bremer-imker.de\/bremer-imkerverein\/wp-json\/wp\/v2\/pages\/154\/revisions"}],"predecessor-version":[{"id":3320,"href":"https:\/\/www.bremer-imker.de\/bremer-imkerverein\/wp-json\/wp\/v2\/pages\/154\/revisions\/3320"}],"wp:attachment":[{"href":"https:\/\/www.bremer-imker.de\/bremer-imkerverein\/wp-json\/wp\/v2\/media?parent=154"}],"curies":[{"name":"wp","href":"https:\/\/api.w.org\/{rel}","templated":true}]}}

<h2><span style="color: #008000;">Datenschutzerklärung</span></h2>
<p><strong>Sehr geehrte Besucherinnen und Besucher unseres Internetportals</strong>,<br>damit Sie sich beim Besuch unserer Webseiten sicher und wohl fühlen, möchten wir Sie nachfolgend über den Umgang mit Ihren Daten informieren.</p>
<h4><strong>1. Name und Kontaktdaten des Verantwortlichen</strong></h4>
<p>Verantwortlicher im Sinne des Art. 13 Abs. 1 lit. a) DS-GVO ist</p>
<p>Name des Vereins: &nbsp;&nbsp;&nbsp;&nbsp;&nbsp;&nbsp;&nbsp;&nbsp;&nbsp; Imkerverein Bremen von 1875 e.V.</p>
<p>Vorstand:&nbsp;&nbsp;&nbsp;&nbsp;&nbsp;&nbsp;&nbsp;&nbsp;&nbsp;&nbsp;&nbsp;&nbsp;&nbsp;&nbsp;&nbsp;&nbsp;&nbsp;&nbsp;&nbsp;&nbsp;&nbsp;&nbsp;&nbsp;&nbsp;&nbsp;&nbsp;</p>
<p>1. Vorsitzender:<br>
August-Wilhelm Schinkel<br>
Hammestr. 47<br>
28876 Oyten<br>
Tel.: 04207 2185<br>
E-Mail: <a href="mailto:aw.schinkel@bremer-imker.de">aw.schinkel@bremer-imker.de</a></p>
<p>2. Vorsitzender:<br>
Marten Carstensen<br>
Sauerlandstraße 16, 28205 Bremen<br>
Tel.: 0421 494 0447<br>
E-Mail: <a href="mailto:m.carstensen@bremer-imker.de">m.carstensen@bremer-imker.de</a></p>
<h4><strong> 2. </strong><strong>Zwecke und Rechtsgrundlage der Verarbeitung</strong></h4>
<p>Art. 6 Abs. 1 S. 1 lit. a) DS-GVO: Einwilligung der betroffenen Person<br>
Art. 6 Abs. 1 S. 1 lit. f) DS-GVO: bei Datenverarbeitungen zur Wahrung berechtigter Vereinsinteressen</p>
<p>Der Imkerverein verarbeitet folgende personenbezogene Daten:</p>
<ul>
<li>Zur Nutzung unseres Kontaktformulars benötigen wir Ihren Namen und Ihre E-Mail-Adresse sowie die Angabe, ob sie Mitglied oder Besucher sind. Weitere Angaben können Sie mitteilen, müssen dies jedoch nicht. Ihre Daten verwenden wir ausschließlich für die Bearbeitung Ihrer Anfrage.</li>
</ul>
<p>Die Rechtsgrundlage hierfür ist Art. 6 Abs. 1 S. 1 lit. f) DS-GVO.</p>
<p>&nbsp;</p>
<h4><strong> 3. Empfänger der personenbezogenen Daten</strong></h4>
<p>Empfänger der personenbezogenen Daten ist ausschließlich der Imkerverein Bremen von 1875 e. V.. Wir übermitteln Ihre personenbezogenen Daten grundsätzlich nicht an Dritte.</p>
<p>Ausnahme: Bei der Mitteilung der Änderung der Völkerzahlen wird dies an den Landesverband der Imker Weser-Ems weitergeleitet, damit die Versicherung über die Firma Gaede &amp; Glauerdt angepasst werden kann.</p>
<h4><strong>&nbsp;</strong><strong>4. Speicherdauer</strong></h4>
<p>Die IP-Adressen, die beim Besuch der Vereinswebseite gespeichert werden, werden entsprechend den gesetzlichen Grundlagen gelöscht.</p>
<h4><strong>5. </strong><strong>Betroffenenrechte</strong></h4>
<p>Dem Vereinsmitglied steht ein Recht auf Auskunft (Art. 15 DS-GVO) sowie ein Recht auf Berichtigung (Art. 16 DS-GVO) oder Löschung (Art. 17 DS-GVO) oder auf Einschränkung der Verarbeitung (Art. 18 DS-GVO) oder ein Recht auf Widerspruch gegen die Verarbeitung (Art. 21 DS-GVO) sowie ein Recht auf Datenübertragbarkeit (Art. 20 DS-GVO) zu.</p>
<p>Das Vereinsmitglied hat das Recht, seine datenschutzrechtliche Einwilligungserklärung jederzeit zu widerrufen. Durch den Widerruf der Einwilligung wird die Rechtmäßigkeit der aufgrund der Einwilligung bis zum Widerruf erfolgten Verarbeitung nicht berührt.</p>
<p>Dem Vereinsmitglied steht ferner ein Beschwerderecht bei einer Datenschutz-Aufsichtsbehörde zu.</p>
<h4><strong>6. Cookies</strong></h4>
<p>Cookies sind kleine Dateien, die auf der Festplatte eines Besuchers abgelegt werden. Sie erlauben es, Informationen über einen bestimmten Zeitraum vorzuhalten und den Rechner des Besuchers zu identifizieren. Zur besseren Benutzerführung und individuellen Leistungsdarstellung setzen wir permanente Cookies ein. Ferner verwenden wir sog. Session-Cookies, die automatisch gelöscht werden, wenn Sie Ihren Browser schließen. Sie können Ihren Browser so einstellen, dass er Sie über die Platzierung von Cookies informiert. So wird der Gebrauch von Cookies für Sie transparent.</p>
<p>Wir übermitteln Ihre personenbezogenen Daten grundsätzlich nicht an Dritte.</p>
<h4><strong>7. Nutzungsdaten</strong></h4>
<p>Um die Qualität unserer Webseiten zu verbessern, speichern wir zu statistischen Zwecken Daten über den einzelnen Zugriff auf unsere Seiten. Dieser Datensatz besteht aus</p>
<ul>
<li>der Seite, von der aus die Datei angefordert wurde,</li>
<li>dem Namen der Datei,</li>
<li>dem Datum und der Uhrzeit der Abfrage,</li>
<li>der übertragene Datenmenge,</li>
<li>dem Zugriffsstatus (Datei übertragen, Datei nicht gefunden),</li>
<li>der Beschreibung des Typs des verwendeten Webbrowsers,</li>
<li>der IP-Adresse des anfragenden Rechners verkürzt um die letzten drei Stellen.</li>
</ul>
<p>Diese Daten werden gemäß Telemediengesetz anonymisiert gespeichert. Die Erstellung von personenbezogenen Nutzerprofilen ist damit ausgeschlossen.</p>
<p>Die Rechtsgrundlage hierfür ist Art. 6 Abs. 1 S. 1 lit. f) DS-GVO.</p>


<p></p>

<p>Datenschutzerklärung Sehr geehrte Besucherinnen und Besucher unseres Internetportals,damit Sie sich beim Besuch unserer Webseiten sicher und wohl fühlen, möchten wir Sie nachfolgend über den Umgang mit Ihren Daten informieren. 1. Name und Kontaktdaten des Verantwortlichen Verantwortlicher im Sinne des Art. 13 Abs. 1 lit. a) DS-GVO ist Name des Vereins: &nbsp;&nbsp;&nbsp;&nbsp;&nbsp;&nbsp;&nbsp;&nbsp;&nbsp; Imkerverein Bremen von 1875 &hellip; </p>
<p class="link-more"><a href="https://www.bremer-imker.de/bremer-imkerverein/datenschutz/" class="more-link">Mehr <span class="screen-reader-text">über &#8222;Datenschutz&#8220; </span>Lesen</a></p>
