{"id":31,"date":"2016-02-05T02:48:05","date_gmt":"2016-02-05T01:48:05","guid":{"rendered":"http:\/\/www.bremer-imker.de\/bremer-imkerverein\/?page_id=31"},"modified":"2018-05-10T23:39:22","modified_gmt":"2018-05-10T21:39:22","slug":"chronik","status":"publish","type":"page","link":"https:\/\/www.bremer-imker.de\/bremer-imkerverein\/chronik\/","title":{"rendered":"Chronik"},"content":{"rendered":"<h3>Chronik des Imkervereins Bremen von 1875 e.V.<\/h3>\n<p>Angefangen hat es auf der Landwirtschaftsausstellung im Jahre 1874 unter dem Protektorat des Deutschen Kronprinzen und sp\u00e4teren Kaisers der 99 Tage,<\/p>\n<p>Friedrich III, der den Wunsch \u00e4u\u00dferte, Bremen im Anschluss an die erfolgreichen Bestrebungen der Moorversuchsstation auch auf dem Gebiete der Imkerei zum Mittelpunkt Norddeutschlands zu machen.<\/p>\n<p>So trat dann unter F\u00fchrung des Kaufmanns W. KAUNE eine Reihe praktizierender Imker zur Gr\u00fcndung des\u00a0<strong>BIENENWIRTSCHAFTLICHEN VEREINS F\u00dcR BREMEN UND UMGEGEND\u00a0<\/strong>zusammen. Das war im Jahre 1875. Einflussreiche Bremer Kaufleute erkl\u00e4rten ihren Beitritt, der bekannteste war wohl <strong>Konsul H.H. MEIER<\/strong>, uns in Erinnerung geblieben als Vorstandsvorsitzender der Reederei \u201c<strong>Norddeutscher Lloyd<\/strong>\u201d, der \u201c<strong>Bremer Bank<\/strong>\u201d und der \u201c<strong>Gesellschaft zur Rettung Schiffbr\u00fcchiger<\/strong>\u201d.<\/p>\n<p>F\u00fcrwahr eine beachtliche Angelegenheit, wenn man bedenkt, dass zur damaligen Zeit die Bienenhaltung innerhalb der Stadtgrenzen bei Strafe verboten war.<\/p>\n<p>Der Mitgliederbestand begann schon gleich mit <strong>100 Imkern<\/strong>, im Jahr 1917, kurz vor Ende des ersten Weltkrieges, als unser <strong>Verein im Botanischen Garten einen Lehrbienenstand<\/strong> einrichtete, an dem Kriegsversehrte als Imker geschult wurden, stieg die Mitgliederzahl auf 270.<\/p>\n<p>Heute 2015 hat sich die Mitgliederzahl bei 213 eingependelt. Damit geh\u00f6ren wir zu den gr\u00f6ssten Imkervereinen in Norddeutschland.<\/p>\n<p>Als Ursache daf\u00fcr kann die Intensivierung der Vereinsarbeit angesehen werden. So haben wir jeden Monat regelm\u00e4\u00dfig unseren <strong>Vereinsabend<\/strong>, fast immer mit <strong>Fachvortr\u00e4gen<\/strong> kompetenter Wissenschaftler. Schon in den sechziger Jahren wurde, verteilt auf Stadtteile, Fachunterricht eingef\u00fchrt. Seit 1990 l\u00e4uft j\u00e4hrlich regelm\u00e4\u00dfig eine Grundschulung, die auch von vielen Ausw\u00e4rtigen aus dem hannoverschen Bereich in Anspruch genommen wird.<\/p>\n<p>Unter dem Regime der Nationalsozialisten kam es 1937 zur Aufl\u00f6sung des Vereins. Erst mit Bewirtschaftung von Zucker und Honig wurden im Rahmen des <strong>REICHSN\u00c4HRSTANDES<\/strong> <strong>Imkersparten gegr\u00fcndet<\/strong>, die nach Ende des Regimes zu den Imkervereinen Ost, Lesum, West, Mitte und Blumenthal umgewandelt wurden.<\/p>\n<p>Unser Verein Bremen Ost besann sich auf seine Tradition und gab sich 1990 den Namen<\/p>\n<p><strong>\u201cIMKERVEREIN BREMEN von 1875 e.V.&#8220;<\/strong><\/p>\n<p>Der Verein wurde am 18.M\u00e4rz 1991 in das Vereinsregister eingetragen<\/p>\n<p>Im Park des L\u00fcr-Kropp-Hofes in Oberneuland unterhalten wir einen Lehrbienenstand, in dem wir die praktische Schulung durchf\u00fchren. Au\u00dferdem bieten wir dort Schulklassen und anderen Gruppen Gelegenheit zu F\u00fchrungen; in den Sommermonaten ist dort jeden <strong>zweiten Sonntag Tag der \u201cOffenen T\u00fcr<\/strong>\u201d.<\/p>\n","protected":false},"excerpt":{"rendered":"<p>Chronik des Imkervereins Bremen von 1875 e.V. Angefangen hat es auf der Landwirtschaftsausstellung im Jahre 1874 unter dem Protektorat des Deutschen Kronprinzen und sp\u00e4teren Kaisers der 99 Tage, Friedrich III, der den Wunsch \u00e4u\u00dferte, Bremen im Anschluss an die erfolgreichen Bestrebungen der Moorversuchsstation auch auf dem Gebiete der Imkerei zum Mittelpunkt Norddeutschlands zu machen. So &hellip; <\/p>\n<p class=\"link-more\"><a href=\"https:\/\/www.bremer-imker.de\/bremer-imkerverein\/chronik\/\" class=\"more-link\">Mehr <span class=\"screen-reader-text\">\u00fcber &#8222;Chronik&#8220; <\/span>Lesen<\/a><\/p>\n","protected":false},"author":2,"featured_media":0,"parent":0,"menu_order":0,"comment_status":"closed","ping_status":"closed","template":"","meta":{"_mc_calendar":[],"footnotes":""},"class_list":["post-31","page","type-page","status-publish","hentry"],"_links":{"self":[{"href":"https:\/\/www.bremer-imker.de\/bremer-imkerverein\/wp-json\/wp\/v2\/pages\/31","targetHints":{"allow":["GET"]}}],"collection":[{"href":"https:\/\/www.bremer-imker.de\/bremer-imkerverein\/wp-json\/wp\/v2\/pages"}],"about":[{"href":"https:\/\/www.bremer-imker.de\/bremer-imkerverein\/wp-json\/wp\/v2\/types\/page"}],"author":[{"embeddable":true,"href":"https:\/\/www.bremer-imker.de\/bremer-imkerverein\/wp-json\/wp\/v2\/users\/2"}],"replies":[{"embeddable":true,"href":"https:\/\/www.bremer-imker.de\/bremer-imkerverein\/wp-json\/wp\/v2\/comments?post=31"}],"version-history":[{"count":4,"href":"https:\/\/www.bremer-imker.de\/bremer-imkerverein\/wp-json\/wp\/v2\/pages\/31\/revisions"}],"predecessor-version":[{"id":2292,"href":"https:\/\/www.bremer-imker.de\/bremer-imkerverein\/wp-json\/wp\/v2\/pages\/31\/revisions\/2292"}],"wp:attachment":[{"href":"https:\/\/www.bremer-imker.de\/bremer-imkerverein\/wp-json\/wp\/v2\/media?parent=31"}],"curies":[{"name":"wp","href":"https:\/\/api.w.org\/{rel}","templated":true}]}}

<h3>Chronik des Imkervereins Bremen von 1875 e.V.</h3>
<p>Angefangen hat es auf der Landwirtschaftsausstellung im Jahre 1874 unter dem Protektorat des Deutschen Kronprinzen und späteren Kaisers der 99 Tage,</p>
<p>Friedrich III, der den Wunsch äußerte, Bremen im Anschluss an die erfolgreichen Bestrebungen der Moorversuchsstation auch auf dem Gebiete der Imkerei zum Mittelpunkt Norddeutschlands zu machen.</p>
<p>So trat dann unter Führung des Kaufmanns W. KAUNE eine Reihe praktizierender Imker zur Gründung des <strong>BIENENWIRTSCHAFTLICHEN VEREINS FÜR BREMEN UND UMGEGEND </strong>zusammen. Das war im Jahre 1875. Einflussreiche Bremer Kaufleute erklärten ihren Beitritt, der bekannteste war wohl <strong>Konsul H.H. MEIER</strong>, uns in Erinnerung geblieben als Vorstandsvorsitzender der Reederei “<strong>Norddeutscher Lloyd</strong>”, der “<strong>Bremer Bank</strong>” und der “<strong>Gesellschaft zur Rettung Schiffbrüchiger</strong>”.</p>
<p>Fürwahr eine beachtliche Angelegenheit, wenn man bedenkt, dass zur damaligen Zeit die Bienenhaltung innerhalb der Stadtgrenzen bei Strafe verboten war.</p>
<p>Der Mitgliederbestand begann schon gleich mit <strong>100 Imkern</strong>, im Jahr 1917, kurz vor Ende des ersten Weltkrieges, als unser <strong>Verein im Botanischen Garten einen Lehrbienenstand</strong> einrichtete, an dem Kriegsversehrte als Imker geschult wurden, stieg die Mitgliederzahl auf 270.</p>
<p>Heute 2015 hat sich die Mitgliederzahl bei 213 eingependelt. Damit gehören wir zu den grössten Imkervereinen in Norddeutschland.</p>
<p>Als Ursache dafür kann die Intensivierung der Vereinsarbeit angesehen werden. So haben wir jeden Monat regelmäßig unseren <strong>Vereinsabend</strong>, fast immer mit <strong>Fachvorträgen</strong> kompetenter Wissenschaftler. Schon in den sechziger Jahren wurde, verteilt auf Stadtteile, Fachunterricht eingeführt. Seit 1990 läuft jährlich regelmäßig eine Grundschulung, die auch von vielen Auswärtigen aus dem hannoverschen Bereich in Anspruch genommen wird.</p>
<p>Unter dem Regime der Nationalsozialisten kam es 1937 zur Auflösung des Vereins. Erst mit Bewirtschaftung von Zucker und Honig wurden im Rahmen des <strong>REICHSNÄHRSTANDES</strong> <strong>Imkersparten gegründet</strong>, die nach Ende des Regimes zu den Imkervereinen Ost, Lesum, West, Mitte und Blumenthal umgewandelt wurden.</p>
<p>Unser Verein Bremen Ost besann sich auf seine Tradition und gab sich 1990 den Namen</p>
<p><strong>“IMKERVEREIN BREMEN von 1875 e.V.&#8220;</strong></p>
<p>Der Verein wurde am 18.März 1991 in das Vereinsregister eingetragen</p>
<p>Im Park des Lür-Kropp-Hofes in Oberneuland unterhalten wir einen Lehrbienenstand, in dem wir die praktische Schulung durchführen. Außerdem bieten wir dort Schulklassen und anderen Gruppen Gelegenheit zu Führungen; in den Sommermonaten ist dort jeden <strong>zweiten Sonntag Tag der “Offenen Tür</strong>”.</p>

<p>Chronik des Imkervereins Bremen von 1875 e.V. Angefangen hat es auf der Landwirtschaftsausstellung im Jahre 1874 unter dem Protektorat des Deutschen Kronprinzen und späteren Kaisers der 99 Tage, Friedrich III, der den Wunsch äußerte, Bremen im Anschluss an die erfolgreichen Bestrebungen der Moorversuchsstation auch auf dem Gebiete der Imkerei zum Mittelpunkt Norddeutschlands zu machen. So &hellip; </p>
<p class="link-more"><a href="https://www.bremer-imker.de/bremer-imkerverein/chronik/" class="more-link">Mehr <span class="screen-reader-text">über &#8222;Chronik&#8220; </span>Lesen</a></p>
