{"id":3201,"date":"2019-05-12T09:29:39","date_gmt":"2019-05-12T07:29:39","guid":{"rendered":"https:\/\/www.bremer-imker.de\/bremer-imkerverein\/?page_id=3201"},"modified":"2022-05-24T12:01:07","modified_gmt":"2022-05-24T10:01:07","slug":"bienen-zu-besuch-an-der-schule","status":"publish","type":"page","link":"https:\/\/www.bremer-imker.de\/bremer-imkerverein\/bienen-zu-besuch-an-der-schule\/","title":{"rendered":"Bienen zu Besuch an der Schule"},"content":{"rendered":"\n<p>Das Projekt \u201eBienen zu Besuch der Schule\u201c ist ein Projekt des Imkerverein Bremen v.1875 e.V. Wir haben es im Jahr 2018 an wenigen Schulen gestartet und in diesem Jahr wollen wir weitere Schulen und Imker*innen hinzugewinnen. Wir befinden uns also noch in der Versuchsphase. An diesem Punkt k\u00f6nnen wir interessierte und engagierte Menschen gebrauchen, gerne, um an unserem Projekt zu partizipieren. Noch finden sich keine Informationen auf der Homepage bremer-imker.de. Das soll sich bald \u00e4ndern. Bis dahin sind wir gerne unter <a href=\"mailto:m.carstensen@bremer-imker.de\">m.carstensen@bremer-imker.de<\/a> erreichbar.<\/p>\n\n\n\n<p>F\u00fcr 2020 sind alle Pl\u00e4tze vergeben, 2021 geht es weiter&#8230;<\/p>\n\n\n\n<h2 class=\"wp-block-heading\">Imker*in <\/h2>\n\n\n\n<p><strong>Vorteile<\/strong><br>wenig Arbeitsaufwand<br>Kontakt zu Schulen<br>Nachwuchsf\u00f6rderung<br>begattete K\u00f6nigin<br><br><strong>Voraussetzungen<\/strong><br>zwei Waben ohne K\u00f6nigin stellen<br>Bienen einlogieren<br>bei R\u00fcckfragen zur Verf\u00fcgung stehen<\/p>\n\n\n\n<h2 class=\"wp-block-heading\">Schule<\/h2>\n\n\n\n<p><strong>Vorteile<\/strong><br>kein Vorwissen &amp; kaum Betreuungsaufwand<br>einfacher Zugang zu Bienen<br>ausgearbeitetes Arbeitsmaterial<br>weiterf\u00fchrende Projekte m\u00f6glich<br><br><strong>Voraussetzungen<\/strong><br>Ansprechpartner stellen<br>neugierig sein<br>Neugierde bei Sch\u00fcler*innen wecken<\/p>\n\n\n\n<h2 class=\"wp-block-heading\">Bienen zu besuch an der Schule<\/h2>\n\n\n\n<p>Nur was man kennt, kann man sch\u00fctzen. Und dass Insekten unseren Schutz brauchen, ist unumstritten. Kinder sollten also Insekten kennenlernen und mit ihnen in Ber\u00fchrung kommen. Dies m\u00f6chte unser Projekt erreichen: Bienen werden von einem Imker f\u00fcr 6 bis 8 Wochen in einem Schaukasten an die Schule gestellt. Hier k\u00f6nnen die Sch\u00fcler und Sch\u00fclerinnen dann jederzeit in den Bienenstock sehen. In dieser Zeit bilden die Bienen eine neue K\u00f6nigin. Die Kinder haben so die M\u00f6glichkeit, mit Beobachtungsauftr\u00e4gen die Entwicklung einer Bienenk\u00f6nigin hautnah mitzuerleben. <\/p>\n\n\n\n<p><strong>Bienen kommen f\u00fcr 6 bis 8 Wochen an die Schule. Der Betreuungsaufwand ist minimal, der Umgang ist leicht und wird durch Lehrmaterial unterst\u00fctzt.<\/strong> <\/p>\n\n\n\n<p><strong>Ablauf<\/strong> In dem Zeitraum Mai\/Juni wird von einer\/m Imker*in ein Schaukasten an die Schule gebracht, aufgebaut und es werden Bienen eingesetzt. Ab dann k\u00f6nnen die Sch\u00fcler*innen mit einer Lehrperson den Schaukasten \u00f6ffnen und die Bienen beobachten. Der gro\u00dfe Vorteil bei einem Schaukasten: Die Bienen befinden sich hinter einer Glasscheibe. So k\u00f6nnen die Sch\u00fcler*innen ihre Ber\u00fchrungs\u00e4ngste abbauen. <\/p>\n\n\n\n<p><strong>Umsetzung im Unterricht <\/strong>Die Einbindung der Bienen in den Schulalltag ist vielf\u00e4ltig: im regul\u00e4ren Naturwissenschaften-Unterricht, in kurzen Unterrichtsphasen, in einer Bienen-AG oder in individuellen Projekten. Die Beobachtungsauftr\u00e4ge und vielf\u00e4ltigen Unterrichtsideen werden mitgeliefert und stetig weiterentwickelt. Dazu erstellen wir Lehrermaterialien und Informationen f\u00fcr Eltern etc. <\/p>\n\n\n\n<p><strong>M\u00f6gliche Projekte<\/strong> Die Bienen k\u00f6nnen effektiv und mit wenig Zeit- und Arbeitsaufwand zwischendurch eingesetzt werden. Aber erfahrungsgem\u00e4\u00df ist die ganze Schulgemeinde &#8211; von der Sch\u00fclerschaft allen Alters bis zu Eltern und Lehrer*innen &#8211; sehr positiv eingestellt und der neue \u201eBesuch\u201c ist \u201ein aller Munde\u201c. Das l\u00e4sst sich zu Nutze machen und in dieser Zeit lassen sich unterschiedliche Projekte durchf\u00fchren. Denkbar w\u00e4ren z.B. eine Projektwoche zu Themen wie \u201eDas Insektensterben\u201c oder \u201eNutztier Honigbiene\u201c oder ein Malwettbewerb f\u00fcr ein Etikett des schuleigenen Honigs, der dann z.B. auf dem Sommerfest verkauft wird. <\/p>\n\n\n\n<p><strong>Bewerbung<\/strong> Sie k\u00f6nnen Ihre Schule ganz einfach \u00fcber unsere Homepage f\u00fcr dieses Projekt bewerben. Wir haben leider nur eine begrenzte Anzahl Schauk\u00e4sten. Au\u00dferdem m\u00fcssen wir eine kurze Sichtung des Schulgel\u00e4ndes durchf\u00fchren, um eine m\u00f6gliche Stellung der Bienen abzusprechen. <\/p>\n\n\n\n<p><strong>Unterst\u00fctzung<\/strong> Wir unterst\u00fctzen die Schulen gerne in ihrer Umsetzung und sind f\u00fcr Ideen und Impulse offen. Kontaktieren Sie uns, wir beraten Sie gerne und helfen Ihnen bei der Planung. <\/p>\n\n\n\n<p><strong>Ein*e Imker*in bringt Bienen f\u00fcr 6 bis 8 Wochen an die Schule. Der Arbeitsaufwand ist minimal, die positiven Auswirkungen gro\u00df.<\/strong> <\/p>\n\n\n\n<p><strong>Ablauf<\/strong> Ab Mitte\/Ende der Fr\u00fchtracht werden zwei Waben mit Brut und Futter und ohne K\u00f6nigin an eine Schule geliefert. Diese werden in Schauk\u00e4sten gesetzt, die von unserer Seite gestellt werden. Nach 6 bis 8 Wochen k\u00f6nnen die Waben mit einer hoffentlich begatteten K\u00f6nigin wieder abgeholt werden. W\u00e4hrend dieser Zeit m\u00fcssten Sie nicht an die Schule kommen. Ob Ihr Ableger gef\u00fcttert werden muss, kann eine von uns geschulter Lehrkraft entscheiden. M\u00f6chten Sie lieber selber kontrollieren oder m\u00f6chten Sie eventuell sogar mit den Kindern an die Bienen, l\u00e4sst sich das ebenfalls mit der Schule absprechen und ist selbstverst\u00e4ndlich gerne gesehen. <\/p>\n\n\n\n<p><strong>Das R\u00e4hmchenma\u00df <\/strong>Geplant sind Schauk\u00e4sten in den Ma\u00dfen Deutsch-Normal und Zander. Sollten Sie ein anderes Ma\u00df verwenden und trotzdem gerne an unserem Projekt teilnehmen, kontaktieren Sie uns, wir versuchen kurzfristig auch f\u00fcr Ihr Ma\u00df eine L\u00f6sung zu finden. <\/p>\n\n\n\n<p><strong>Honigverkauf und andere Vorteile<\/strong> Nur f\u00fcr eine begattete K\u00f6nigin muss man seinen Ableger nicht in eine Schule stellen? Das stimmt, aber es gibt weitere Vorteile, die nicht unerheblich sind. Wirtschaftlich ist f\u00fcr Imker immer der Honigverkauf, das wissen wir. Anderseits wollen wir an unser Projekt keine Honigabnahme kn\u00fcpfen. Wir sind uns aber sicher, dass die meisten Schulen ein Interesse daran haben, schuleigenen Honig zu vermarkten. Hier lassen sich schnell individuelle L\u00f6sungen besprechen. Wir als Imker sehen uns in der Pflicht, alle Generationen f\u00fcr das Thema Insekten zu sensibilisieren. Dies zu f\u00f6rdern, indem wir bereits fr\u00fch Ber\u00fchrungs\u00e4ngste und Unwissenheit abbauen, ist ein wichtiges Ziel. Mit diesem Projekt r\u00fccken wir diesem Ziel ein St\u00fcck n\u00e4her. Nehmen Sie teil und unterst\u00fctzen Sie dieses Projekt mit seinen Zielen. Es sichert Zukunft. <\/p>\n\n\n\n<p><strong>Kommunikation mit der Schule <\/strong>Wir stellen den Kontakt zu einer interessierten Schule her. Diese sollte sich au\u00dferhalb des Flugradius ihres Bienenstandes befinden, aber gleichzeitig f\u00fcr Sie gut zu erreichen sein. Die Kommunikation l\u00e4uft \u00fcber den kurzen Weg direkt \u00fcber einen Ansprechpartner an der Schule. Nach Absprache l\u00e4sst sich ein Transport auch von unserer Seite aus organisieren. <\/p>\n\n\n\n<p><strong>Zusammengefasst\u2026 <\/strong>\u2026 der Aufwand von Seiten der Imkerin\/des Imkers kann sehr gering gehalten werden. Wir wollen aber auch bei Ihrem Interesse einen engeren Kontakt zwischen Imker*in und Schule f\u00f6rdern. Sprechen Sie uns gerne an, wir unterst\u00fctzen Sie gerne.<\/p>\n\n\n\n<p>[supsystic-gallery id=18]<br>Bienen Besuch an der Grundschule Robinsbalje (in Huchting)<\/p>\n\n\n\n<div class=\"wp-block-file\"><a id=\"wp-block-file--media-e69d41a1-355a-437c-b4e3-602e30478ccd\" href=\"https:\/\/www.bremer-imker.de\/bremer-imkerverein\/wp-content\/uploads\/2019\/05\/bienebesuch.pdf\">Flyer &#8211; Bienen zu besuch an der Schule<\/a><a href=\"https:\/\/www.bremer-imker.de\/bremer-imkerverein\/wp-content\/uploads\/2019\/05\/bienebesuch.pdf\" class=\"wp-block-file__button\" download aria-describedby=\"wp-block-file--media-e69d41a1-355a-437c-b4e3-602e30478ccd\">Herunterladen<\/a><\/div>\n\n\n\n<figure class=\"wp-block-gallery has-nested-images columns-default is-cropped wp-block-gallery-1 is-layout-flex wp-block-gallery-is-layout-flex\">\n<figure class=\"wp-block-image size-large\"><img loading=\"lazy\" decoding=\"async\" width=\"960\" height=\"1280\" data-id=\"3771\" src=\"https:\/\/www.bremer-imker.de\/bremer-imkerverein\/wp-content\/uploads\/2021\/03\/photo_2021-03-10_11-01-48.jpg\" alt=\"\" class=\"wp-image-3771\"\/><\/figure>\n\n\n\n<figure class=\"wp-block-image size-large\"><img loading=\"lazy\" decoding=\"async\" width=\"1024\" height=\"682\" data-id=\"3772\" src=\"https:\/\/www.bremer-imker.de\/bremer-imkerverein\/wp-content\/uploads\/2021\/03\/photo_2021-03-10_11-01-50.jpg\" alt=\"\" class=\"wp-image-3772\"\/><\/figure>\n\n\n\n<figure class=\"wp-block-image size-large\"><img loading=\"lazy\" decoding=\"async\" width=\"960\" height=\"1280\" data-id=\"3773\" src=\"https:\/\/www.bremer-imker.de\/bremer-imkerverein\/wp-content\/uploads\/2021\/03\/photo_2021-03-10_11-01-55.jpg\" alt=\"\" class=\"wp-image-3773\"\/><\/figure>\n\n\n\n<figure class=\"wp-block-image size-large\"><img loading=\"lazy\" decoding=\"async\" width=\"960\" height=\"1280\" data-id=\"3774\" src=\"https:\/\/www.bremer-imker.de\/bremer-imkerverein\/wp-content\/uploads\/2021\/03\/photo_2021-03-10_11-01-57.jpg\" alt=\"\" class=\"wp-image-3774\"\/><\/figure>\n\n\n\n<figure class=\"wp-block-image size-large\"><img loading=\"lazy\" decoding=\"async\" width=\"960\" height=\"1280\" data-id=\"3775\" src=\"https:\/\/www.bremer-imker.de\/bremer-imkerverein\/wp-content\/uploads\/2021\/03\/photo_2021-03-10_11-02-00.jpg\" alt=\"\" class=\"wp-image-3775\"\/><\/figure>\n\n\n\n<figure class=\"wp-block-image size-large\"><img loading=\"lazy\" decoding=\"async\" width=\"1200\" height=\"1600\" data-id=\"3875\" src=\"https:\/\/www.bremer-imker.de\/bremer-imkerverein\/wp-content\/uploads\/2021\/06\/IMG-20210521-WA0018.jpg\" alt=\"\" class=\"wp-image-3875\"\/><\/figure>\n\n\n\n<figure class=\"wp-block-image size-large\"><img loading=\"lazy\" decoding=\"async\" width=\"3264\" height=\"2448\" data-id=\"3878\" src=\"https:\/\/www.bremer-imker.de\/bremer-imkerverein\/wp-content\/uploads\/2021\/06\/96BFC4E4-5AE1-4168-ADD4-AD5F1394FD4E.jpeg\" alt=\"\" class=\"wp-image-3878\"\/><\/figure>\n<\/figure>\n\n\n\n<p>\u00dcbergabe des Preisgeldes f\u00fcr &#8222;Vordenker f\u00fcr Bremen&#8220; bei Arcelor Metal welches das Projekt &#8222;Bienen zu Besuch an der Schule&#8220; erm\u00f6glicht. Au\u00dferdem ein paar Eindr\u00fccke von Schauk\u00e4stens an Schulen.<\/p>\n\n\n\n<figure class=\"wp-block-image size-full\"><img loading=\"lazy\" decoding=\"async\" width=\"719\" height=\"1280\" src=\"https:\/\/www.bremer-imker.de\/bremer-imkerverein\/wp-content\/uploads\/2022\/05\/DSC_0533.jpeg\" alt=\"\" class=\"wp-image-4202\"\/><figcaption>Bienenschaukasten GSM Brokstra\u00dfe 2022<\/figcaption><\/figure>\n","protected":false},"excerpt":{"rendered":"<p>Das Projekt \u201eBienen zu Besuch der Schule\u201c ist ein Projekt des Imkerverein Bremen v.1875 e.V. Wir haben es im Jahr 2018 an wenigen Schulen gestartet und in diesem Jahr wollen wir weitere Schulen und Imker*innen hinzugewinnen. Wir befinden uns also noch in der Versuchsphase. An diesem Punkt k\u00f6nnen wir interessierte und engagierte Menschen gebrauchen, gerne, &hellip; <\/p>\n<p class=\"link-more\"><a href=\"https:\/\/www.bremer-imker.de\/bremer-imkerverein\/bienen-zu-besuch-an-der-schule\/\" class=\"more-link\">Mehr <span class=\"screen-reader-text\">\u00fcber &#8222;Bienen zu Besuch an der Schule&#8220; <\/span>Lesen<\/a><\/p>\n","protected":false},"author":1,"featured_media":0,"parent":0,"menu_order":0,"comment_status":"closed","ping_status":"closed","template":"","meta":{"_mc_calendar":[],"footnotes":""},"class_list":["post-3201","page","type-page","status-publish","hentry"],"_links":{"self":[{"href":"https:\/\/www.bremer-imker.de\/bremer-imkerverein\/wp-json\/wp\/v2\/pages\/3201","targetHints":{"allow":["GET"]}}],"collection":[{"href":"https:\/\/www.bremer-imker.de\/bremer-imkerverein\/wp-json\/wp\/v2\/pages"}],"about":[{"href":"https:\/\/www.bremer-imker.de\/bremer-imkerverein\/wp-json\/wp\/v2\/types\/page"}],"author":[{"embeddable":true,"href":"https:\/\/www.bremer-imker.de\/bremer-imkerverein\/wp-json\/wp\/v2\/users\/1"}],"replies":[{"embeddable":true,"href":"https:\/\/www.bremer-imker.de\/bremer-imkerverein\/wp-json\/wp\/v2\/comments?post=3201"}],"version-history":[{"count":16,"href":"https:\/\/www.bremer-imker.de\/bremer-imkerverein\/wp-json\/wp\/v2\/pages\/3201\/revisions"}],"predecessor-version":[{"id":4205,"href":"https:\/\/www.bremer-imker.de\/bremer-imkerverein\/wp-json\/wp\/v2\/pages\/3201\/revisions\/4205"}],"wp:attachment":[{"href":"https:\/\/www.bremer-imker.de\/bremer-imkerverein\/wp-json\/wp\/v2\/media?parent=3201"}],"curies":[{"name":"wp","href":"https:\/\/api.w.org\/{rel}","templated":true}]}}