{"id":3556,"date":"2020-08-11T12:32:25","date_gmt":"2020-08-11T10:32:25","guid":{"rendered":"https:\/\/www.bremer-imker.de\/bremer-imkerverein\/?page_id=3556"},"modified":"2026-04-01T15:19:06","modified_gmt":"2026-04-01T13:19:06","slug":"lehrbienenstand","status":"publish","type":"page","link":"https:\/\/www.bremer-imker.de\/bremer-imkerverein\/lehrbienenstand\/","title":{"rendered":"Lehrbienenstand"},"content":{"rendered":"\n<figure class=\"wp-block-image size-full\"><img loading=\"lazy\" decoding=\"async\" width=\"1280\" height=\"960\" src=\"https:\/\/www.bremer-imker.de\/bremer-imkerverein\/wp-content\/uploads\/2022\/05\/photo_2022-05-14-14.17.42.jpeg\" alt=\"\" class=\"wp-image-4186\"\/><figcaption class=\"wp-element-caption\">Bienenstand am LBS<\/figcaption><\/figure>\n\n\n\n<p>Der Lehrbienenstand (LBS) ist auf dem Gel\u00e4nde des L\u00fcr-Kropp-Hofs.<\/p>\n\n\n\n<p>Rockwinkeler Landstra\u00dfe 5, 28355 Bremen<\/p>\n\n\n\n<p><strong>Ansprechpartner<\/strong> <br>Horst Wolfrum<br>Tel.: 0421 393646<br>Mobil: 0171 7508208<br><a href=\"mailto:Lehrbienenstand@bremer-imker.de\" target=\"_blank\" rel=\"noreferrer noopener\">Lehrbienenstand@bremer-imker.de<\/a><\/p>\n\n\n\n<p>Jeden Donnerstag sind von 15 Uhr bis 18 Uhr oder bis zum Einbruch der Dunkelheit Mitglieder vor Ort um die Anlage zu Betreuen und sind f\u00fcr Fragen offen. Honigkauf ist in dieser Zeit auch m\u00f6glich.<\/p>\n\n\n\n<iframe loading=\"lazy\" width=\"425\" height=\"350\" frameborder=\"0\" scrolling=\"no\" marginheight=\"0\" marginwidth=\"0\" src=\"https:\/\/www.openstreetmap.org\/export\/embed.html?bbox=8.923626244068148%2C53.087518041897845%2C8.927166759967806%2C53.08900650603184&amp;layer=mapnik&amp;marker=53.08826228039974%2C8.925396502017975\" style=\"border: 1px solid black\"><\/iframe><br><small><a href=\"https:\/\/www.openstreetmap.org\/?mlat=53.08826&amp;mlon=8.92540#map=19\/53.08826\/8.92540\">View Larger Map<\/a><\/small>\n\n\n\n<p><strong>Neues vom Lehrbienenstand:<\/strong><\/p>\n\n\n\n<p>Neu im Bestand haben wir nun eine<strong>&nbsp;Dadant Beute<\/strong>. Marion M. hat diese im letzten Jahr gestrichen (Brutraum braun und Honigraum gelb). Im Mai haben wir diese mit einem gespendeten 2 Waben Brutableger besetzen k\u00f6nnen. Bei dem Blick in den Brutraum ist gut zu sehen, dass das Volk richtig gut durchgestartet ist.<\/p>\n\n\n\n<figure class=\"wp-block-gallery has-nested-images columns-default is-cropped wp-block-gallery-1 is-layout-flex wp-block-gallery-is-layout-flex\">\n<figure class=\"wp-block-image size-large\"><img decoding=\"async\" data-id=\"5121\" src=\"https:\/\/www.bremer-imker.de\/bremer-imkerverein\/wp-content\/uploads\/2024\/05\/IMG_5236-576x1024.jpeg\" alt=\"\" class=\"wp-image-5121\"\/><\/figure>\n\n\n\n<figure class=\"wp-block-image size-large\"><img decoding=\"async\" data-id=\"5119\" src=\"https:\/\/www.bremer-imker.de\/bremer-imkerverein\/wp-content\/uploads\/2024\/05\/IMG_5235-576x1024.jpeg\" alt=\"\" class=\"wp-image-5119\"\/><\/figure>\n\n\n\n<figure class=\"wp-block-image size-large\"><img decoding=\"async\" data-id=\"5122\" src=\"https:\/\/www.bremer-imker.de\/bremer-imkerverein\/wp-content\/uploads\/2024\/05\/IMG_5233-576x1024.jpeg\" alt=\"\" class=\"wp-image-5122\"\/><\/figure>\n\n\n\n<figure class=\"wp-block-image size-large\"><img decoding=\"async\" data-id=\"5118\" src=\"https:\/\/www.bremer-imker.de\/bremer-imkerverein\/wp-content\/uploads\/2024\/05\/IMG_5232-1024x576.jpeg\" alt=\"\" class=\"wp-image-5118\"\/><\/figure>\n\n\n\n<figure class=\"wp-block-image size-large\"><img decoding=\"async\" data-id=\"5120\" src=\"https:\/\/www.bremer-imker.de\/bremer-imkerverein\/wp-content\/uploads\/2024\/05\/IMG_5230-1024x576.jpeg\" alt=\"\" class=\"wp-image-5120\"\/><\/figure>\n\n\n\n<figure class=\"wp-block-image size-large\"><img decoding=\"async\" data-id=\"5116\" src=\"https:\/\/www.bremer-imker.de\/bremer-imkerverein\/wp-content\/uploads\/2024\/05\/IMG_5221-1024x576.jpeg\" alt=\"\" class=\"wp-image-5116\"\/><\/figure>\n\n\n\n<figure class=\"wp-block-image size-large\"><img decoding=\"async\" data-id=\"5117\" src=\"https:\/\/www.bremer-imker.de\/bremer-imkerverein\/wp-content\/uploads\/2024\/05\/IMG_5237-576x1024.jpeg\" alt=\"\" class=\"wp-image-5117\"\/><\/figure>\n<\/figure>\n\n\n\n<figure class=\"wp-block-image size-large\"><img loading=\"lazy\" decoding=\"async\" width=\"1525\" height=\"667\" src=\"https:\/\/www.bremer-imker.de\/bremer-imkerverein\/wp-content\/uploads\/2020\/08\/kbijbiekaohpjnpb.png\" alt=\"\" class=\"wp-image-3569\"\/><\/figure>\n\n\n\n<p><strong>Mehr Eindr\u00fccke vom LBS<\/strong>:<\/p>\n\n\n\n<figure class=\"wp-block-gallery alignwide has-nested-images columns-default is-cropped wp-block-gallery-2 is-layout-flex wp-block-gallery-is-layout-flex\">\n<figure class=\"wp-block-image size-full\"><img loading=\"lazy\" decoding=\"async\" width=\"1280\" height=\"960\" data-id=\"4188\" src=\"https:\/\/www.bremer-imker.de\/bremer-imkerverein\/wp-content\/uploads\/2022\/05\/photo_2022-05-14-14.17.40.jpeg\" alt=\"\" class=\"wp-image-4188\"\/><\/figure>\n\n\n\n<figure class=\"wp-block-image size-full\"><img loading=\"lazy\" decoding=\"async\" width=\"1280\" height=\"960\" data-id=\"4189\" src=\"https:\/\/www.bremer-imker.de\/bremer-imkerverein\/wp-content\/uploads\/2022\/05\/photo_2022-05-14-14.17.45.jpeg\" alt=\"\" class=\"wp-image-4189\"\/><\/figure>\n\n\n\n<figure class=\"wp-block-image size-full\"><img loading=\"lazy\" decoding=\"async\" width=\"1280\" height=\"960\" data-id=\"4190\" src=\"https:\/\/www.bremer-imker.de\/bremer-imkerverein\/wp-content\/uploads\/2022\/05\/photo_2022-05-14-14.17.41.jpeg\" alt=\"\" class=\"wp-image-4190\"\/><\/figure>\n\n\n\n<figure class=\"wp-block-image size-full\"><img loading=\"lazy\" decoding=\"async\" width=\"1280\" height=\"960\" data-id=\"4191\" src=\"https:\/\/www.bremer-imker.de\/bremer-imkerverein\/wp-content\/uploads\/2022\/05\/photo_2022-05-14-14.17.44.jpeg\" alt=\"\" class=\"wp-image-4191\"\/><\/figure>\n\n\n\n<figure class=\"wp-block-image size-large\"><img loading=\"lazy\" decoding=\"async\" width=\"960\" height=\"1280\" data-id=\"3574\" src=\"https:\/\/www.bremer-imker.de\/bremer-imkerverein\/wp-content\/uploads\/2020\/08\/photo_2020-08-16-11.48.43.jpeg\" alt=\"\" class=\"wp-image-3574\"\/><\/figure>\n\n\n\n<figure class=\"wp-block-image size-large\"><img loading=\"lazy\" decoding=\"async\" width=\"960\" height=\"1280\" data-id=\"4403\" src=\"https:\/\/www.bremer-imker.de\/bremer-imkerverein\/wp-content\/uploads\/2023\/03\/photo_2023-03-02-16.53.26.jpeg\" alt=\"\" class=\"wp-image-4403\"\/><\/figure>\n\n\n\n<figure class=\"wp-block-image size-large\"><img loading=\"lazy\" decoding=\"async\" width=\"960\" height=\"1280\" data-id=\"3577\" src=\"https:\/\/www.bremer-imker.de\/bremer-imkerverein\/wp-content\/uploads\/2020\/08\/photo_2020-08-16-11.48.39.jpeg\" alt=\"\" class=\"wp-image-3577\"\/><\/figure>\n\n\n\n<figure class=\"wp-block-image size-large\"><img loading=\"lazy\" decoding=\"async\" width=\"960\" height=\"1280\" data-id=\"3578\" src=\"https:\/\/www.bremer-imker.de\/bremer-imkerverein\/wp-content\/uploads\/2020\/08\/photo_2020-08-16-11.48.37.jpeg\" alt=\"\" class=\"wp-image-3578\"\/><\/figure>\n\n\n\n<figure class=\"wp-block-image size-large\"><img loading=\"lazy\" decoding=\"async\" width=\"960\" height=\"1280\" data-id=\"3579\" src=\"https:\/\/www.bremer-imker.de\/bremer-imkerverein\/wp-content\/uploads\/2020\/08\/photo_2020-08-16-11.48.36.jpeg\" alt=\"\" class=\"wp-image-3579\"\/><\/figure>\n\n\n\n<figure class=\"wp-block-image size-large\"><img loading=\"lazy\" decoding=\"async\" width=\"960\" height=\"1280\" data-id=\"3580\" src=\"https:\/\/www.bremer-imker.de\/bremer-imkerverein\/wp-content\/uploads\/2020\/08\/photo_2020-08-16-11.48.34.jpeg\" alt=\"\" class=\"wp-image-3580\"\/><\/figure>\n\n\n\n<figure class=\"wp-block-image size-large\"><img loading=\"lazy\" decoding=\"async\" width=\"960\" height=\"1280\" data-id=\"3582\" src=\"https:\/\/www.bremer-imker.de\/bremer-imkerverein\/wp-content\/uploads\/2020\/08\/photo_2020-08-16-11.48.31.jpeg\" alt=\"\" class=\"wp-image-3582\"\/><\/figure>\n\n\n\n<figure class=\"wp-block-image size-large\"><img loading=\"lazy\" decoding=\"async\" width=\"960\" height=\"1280\" data-id=\"3583\" src=\"https:\/\/www.bremer-imker.de\/bremer-imkerverein\/wp-content\/uploads\/2020\/08\/photo_2020-08-16-11.48.30.jpeg\" alt=\"\" class=\"wp-image-3583\"\/><\/figure>\n<\/figure>\n\n\n\n<figure class=\"wp-block-image size-large\"><img decoding=\"async\" src=\"https:\/\/www.bremer-imker.de\/bremer-imkerverein\/wp-content\/uploads\/2024\/09\/photo_2024-09-23_15-03-52-1024x768.jpg\" alt=\"\" class=\"wp-image-5208\"\/><\/figure>\n\n\n\n<p>Sp\u00e4tsommer 2024 auch am LBS Bl\u00fcht die Heide.<\/p>\n","protected":false},"excerpt":{"rendered":"<p>Der Lehrbienenstand (LBS) ist auf dem Gel\u00e4nde des L\u00fcr-Kropp-Hofs. Rockwinkeler Landstra\u00dfe 5, 28355 Bremen Ansprechpartner Horst WolfrumTel.: 0421 393646Mobil: 0171 7508208Lehrbienenstand@bremer-imker.de Jeden Donnerstag sind von 15 Uhr bis 18 Uhr oder bis zum Einbruch der Dunkelheit Mitglieder vor Ort um die Anlage zu Betreuen und sind f\u00fcr Fragen offen. Honigkauf ist in dieser Zeit auch &hellip; <\/p>\n<p class=\"link-more\"><a href=\"https:\/\/www.bremer-imker.de\/bremer-imkerverein\/lehrbienenstand\/\" class=\"more-link\">Mehr <span class=\"screen-reader-text\">\u00fcber &#8222;Lehrbienenstand&#8220; <\/span>Lesen<\/a><\/p>\n","protected":false},"author":1,"featured_media":0,"parent":0,"menu_order":0,"comment_status":"closed","ping_status":"closed","template":"","meta":{"_mc_calendar":[],"footnotes":""},"class_list":["post-3556","page","type-page","status-publish","hentry"],"_links":{"self":[{"href":"https:\/\/www.bremer-imker.de\/bremer-imkerverein\/wp-json\/wp\/v2\/pages\/3556","targetHints":{"allow":["GET"]}}],"collection":[{"href":"https:\/\/www.bremer-imker.de\/bremer-imkerverein\/wp-json\/wp\/v2\/pages"}],"about":[{"href":"https:\/\/www.bremer-imker.de\/bremer-imkerverein\/wp-json\/wp\/v2\/types\/page"}],"author":[{"embeddable":true,"href":"https:\/\/www.bremer-imker.de\/bremer-imkerverein\/wp-json\/wp\/v2\/users\/1"}],"replies":[{"embeddable":true,"href":"https:\/\/www.bremer-imker.de\/bremer-imkerverein\/wp-json\/wp\/v2\/comments?post=3556"}],"version-history":[{"count":15,"href":"https:\/\/www.bremer-imker.de\/bremer-imkerverein\/wp-json\/wp\/v2\/pages\/3556\/revisions"}],"predecessor-version":[{"id":5731,"href":"https:\/\/www.bremer-imker.de\/bremer-imkerverein\/wp-json\/wp\/v2\/pages\/3556\/revisions\/5731"}],"wp:attachment":[{"href":"https:\/\/www.bremer-imker.de\/bremer-imkerverein\/wp-json\/wp\/v2\/media?parent=3556"}],"curies":[{"name":"wp","href":"https:\/\/api.w.org\/{rel}","templated":true}]}}

<figure class="wp-block-image size-full"><img loading="lazy" decoding="async" width="1280" height="960" src="https://www.bremer-imker.de/bremer-imkerverein/wp-content/uploads/2022/05/photo_2022-05-14-14.17.42.jpeg" alt="" class="wp-image-4186"/><figcaption class="wp-element-caption">Bienenstand am LBS</figcaption></figure>



<p>Der Lehrbienenstand (LBS) ist auf dem Gelände des Lür-Kropp-Hofs.</p>



<p>Rockwinkeler Landstraße 5, 28355 Bremen</p>



<p><strong>Ansprechpartner</strong> <br>Horst Wolfrum<br>Tel.: 0421 393646<br>Mobil: 0171 7508208<br><a href="mailto:Lehrbienenstand@bremer-imker.de" target="_blank" rel="noreferrer noopener">Lehrbienenstand@bremer-imker.de</a></p>



<p>Jeden Donnerstag sind von 15 Uhr bis 18 Uhr oder bis zum Einbruch der Dunkelheit Mitglieder vor Ort um die Anlage zu Betreuen und sind für Fragen offen. Honigkauf ist in dieser Zeit auch möglich.</p>



<iframe loading="lazy" width="425" height="350" frameborder="0" scrolling="no" marginheight="0" marginwidth="0" src="https://www.openstreetmap.org/export/embed.html?bbox=8.923626244068148%2C53.087518041897845%2C8.927166759967806%2C53.08900650603184&amp;layer=mapnik&amp;marker=53.08826228039974%2C8.925396502017975" style="border: 1px solid black"></iframe><br><small><a href="https://www.openstreetmap.org/?mlat=53.08826&amp;mlon=8.92540#map=19/53.08826/8.92540">View Larger Map</a></small>



<p><strong>Neues vom Lehrbienenstand:</strong></p>



<p>Neu im Bestand haben wir nun eine<strong>&nbsp;Dadant Beute</strong>. Marion M. hat diese im letzten Jahr gestrichen (Brutraum braun und Honigraum gelb). Im Mai haben wir diese mit einem gespendeten 2 Waben Brutableger besetzen können. Bei dem Blick in den Brutraum ist gut zu sehen, dass das Volk richtig gut durchgestartet ist.</p>



<figure class="wp-block-gallery has-nested-images columns-default is-cropped wp-block-gallery-1 is-layout-flex wp-block-gallery-is-layout-flex">
<figure class="wp-block-image size-large"><img decoding="async" data-id="5121" src="https://www.bremer-imker.de/bremer-imkerverein/wp-content/uploads/2024/05/IMG_5236-576x1024.jpeg" alt="" class="wp-image-5121"/></figure>



<figure class="wp-block-image size-large"><img decoding="async" data-id="5119" src="https://www.bremer-imker.de/bremer-imkerverein/wp-content/uploads/2024/05/IMG_5235-576x1024.jpeg" alt="" class="wp-image-5119"/></figure>



<figure class="wp-block-image size-large"><img decoding="async" data-id="5122" src="https://www.bremer-imker.de/bremer-imkerverein/wp-content/uploads/2024/05/IMG_5233-576x1024.jpeg" alt="" class="wp-image-5122"/></figure>



<figure class="wp-block-image size-large"><img decoding="async" data-id="5118" src="https://www.bremer-imker.de/bremer-imkerverein/wp-content/uploads/2024/05/IMG_5232-1024x576.jpeg" alt="" class="wp-image-5118"/></figure>



<figure class="wp-block-image size-large"><img decoding="async" data-id="5120" src="https://www.bremer-imker.de/bremer-imkerverein/wp-content/uploads/2024/05/IMG_5230-1024x576.jpeg" alt="" class="wp-image-5120"/></figure>



<figure class="wp-block-image size-large"><img decoding="async" data-id="5116" src="https://www.bremer-imker.de/bremer-imkerverein/wp-content/uploads/2024/05/IMG_5221-1024x576.jpeg" alt="" class="wp-image-5116"/></figure>



<figure class="wp-block-image size-large"><img decoding="async" data-id="5117" src="https://www.bremer-imker.de/bremer-imkerverein/wp-content/uploads/2024/05/IMG_5237-576x1024.jpeg" alt="" class="wp-image-5117"/></figure>
</figure>



<figure class="wp-block-image size-large"><img loading="lazy" decoding="async" width="1525" height="667" src="https://www.bremer-imker.de/bremer-imkerverein/wp-content/uploads/2020/08/kbijbiekaohpjnpb.png" alt="" class="wp-image-3569"/></figure>



<p><strong>Mehr Eindrücke vom LBS</strong>:</p>



<figure class="wp-block-gallery alignwide has-nested-images columns-default is-cropped wp-block-gallery-2 is-layout-flex wp-block-gallery-is-layout-flex">
<figure class="wp-block-image size-full"><img loading="lazy" decoding="async" width="1280" height="960" data-id="4188" src="https://www.bremer-imker.de/bremer-imkerverein/wp-content/uploads/2022/05/photo_2022-05-14-14.17.40.jpeg" alt="" class="wp-image-4188"/></figure>



<figure class="wp-block-image size-full"><img loading="lazy" decoding="async" width="1280" height="960" data-id="4189" src="https://www.bremer-imker.de/bremer-imkerverein/wp-content/uploads/2022/05/photo_2022-05-14-14.17.45.jpeg" alt="" class="wp-image-4189"/></figure>



<figure class="wp-block-image size-full"><img loading="lazy" decoding="async" width="1280" height="960" data-id="4190" src="https://www.bremer-imker.de/bremer-imkerverein/wp-content/uploads/2022/05/photo_2022-05-14-14.17.41.jpeg" alt="" class="wp-image-4190"/></figure>



<figure class="wp-block-image size-full"><img loading="lazy" decoding="async" width="1280" height="960" data-id="4191" src="https://www.bremer-imker.de/bremer-imkerverein/wp-content/uploads/2022/05/photo_2022-05-14-14.17.44.jpeg" alt="" class="wp-image-4191"/></figure>



<figure class="wp-block-image size-large"><img loading="lazy" decoding="async" width="960" height="1280" data-id="3574" src="https://www.bremer-imker.de/bremer-imkerverein/wp-content/uploads/2020/08/photo_2020-08-16-11.48.43.jpeg" alt="" class="wp-image-3574"/></figure>



<figure class="wp-block-image size-large"><img loading="lazy" decoding="async" width="960" height="1280" data-id="4403" src="https://www.bremer-imker.de/bremer-imkerverein/wp-content/uploads/2023/03/photo_2023-03-02-16.53.26.jpeg" alt="" class="wp-image-4403"/></figure>



<figure class="wp-block-image size-large"><img loading="lazy" decoding="async" width="960" height="1280" data-id="3577" src="https://www.bremer-imker.de/bremer-imkerverein/wp-content/uploads/2020/08/photo_2020-08-16-11.48.39.jpeg" alt="" class="wp-image-3577"/></figure>



<figure class="wp-block-image size-large"><img loading="lazy" decoding="async" width="960" height="1280" data-id="3578" src="https://www.bremer-imker.de/bremer-imkerverein/wp-content/uploads/2020/08/photo_2020-08-16-11.48.37.jpeg" alt="" class="wp-image-3578"/></figure>



<figure class="wp-block-image size-large"><img loading="lazy" decoding="async" width="960" height="1280" data-id="3579" src="https://www.bremer-imker.de/bremer-imkerverein/wp-content/uploads/2020/08/photo_2020-08-16-11.48.36.jpeg" alt="" class="wp-image-3579"/></figure>



<figure class="wp-block-image size-large"><img loading="lazy" decoding="async" width="960" height="1280" data-id="3580" src="https://www.bremer-imker.de/bremer-imkerverein/wp-content/uploads/2020/08/photo_2020-08-16-11.48.34.jpeg" alt="" class="wp-image-3580"/></figure>



<figure class="wp-block-image size-large"><img loading="lazy" decoding="async" width="960" height="1280" data-id="3582" src="https://www.bremer-imker.de/bremer-imkerverein/wp-content/uploads/2020/08/photo_2020-08-16-11.48.31.jpeg" alt="" class="wp-image-3582"/></figure>



<figure class="wp-block-image size-large"><img loading="lazy" decoding="async" width="960" height="1280" data-id="3583" src="https://www.bremer-imker.de/bremer-imkerverein/wp-content/uploads/2020/08/photo_2020-08-16-11.48.30.jpeg" alt="" class="wp-image-3583"/></figure>
</figure>



<figure class="wp-block-image size-large"><img decoding="async" src="https://www.bremer-imker.de/bremer-imkerverein/wp-content/uploads/2024/09/photo_2024-09-23_15-03-52-1024x768.jpg" alt="" class="wp-image-5208"/></figure>



<p>Spätsommer 2024 auch am LBS Blüht die Heide.</p>

<p>Der Lehrbienenstand (LBS) ist auf dem Gelände des Lür-Kropp-Hofs. Rockwinkeler Landstraße 5, 28355 Bremen Ansprechpartner Horst WolfrumTel.: 0421 393646Mobil: 0171 7508208Lehrbienenstand@bremer-imker.de Jeden Donnerstag sind von 15 Uhr bis 18 Uhr oder bis zum Einbruch der Dunkelheit Mitglieder vor Ort um die Anlage zu Betreuen und sind für Fragen offen. Honigkauf ist in dieser Zeit auch &hellip; </p>
<p class="link-more"><a href="https://www.bremer-imker.de/bremer-imkerverein/lehrbienenstand/" class="more-link">Mehr <span class="screen-reader-text">über &#8222;Lehrbienenstand&#8220; </span>Lesen</a></p>
