{"id":402,"date":"2016-02-15T23:49:58","date_gmt":"2016-02-15T22:49:58","guid":{"rendered":"http:\/\/www.bremer-imker.de\/bremer-imkerverein\/?page_id=402"},"modified":"2026-04-01T16:06:07","modified_gmt":"2026-04-01T14:06:07","slug":"koeniginnenzucht","status":"publish","type":"page","link":"https:\/\/www.bremer-imker.de\/bremer-imkerverein\/koeniginnenzucht\/","title":{"rendered":"K\u00f6niginnen \/ Zucht"},"content":{"rendered":"\n<p>Bei uns im Verein haben jedes Jahr Mitglieder und Interessierte die M\u00f6glichkeit aktiv an der K\u00f6niginnenzucht teilzunehmen. Dazu veranstalten wir im Verein einen <strong>Umlarvinfotag<\/strong> . Hier erfahrt ihr im Detail, wie man seine V\u00f6lker f\u00fcr eine erfolgreiche Zucht vorbereiten muss. Nach dem ersten Treffen kommt dann ca. 14 Tage sp\u00e4ter der <strong>Umlarvtag <\/strong>. Dort habt ihr dann die M\u00f6glichkeit, aus verschiedenen Linien das f\u00fcr euch Passende auszuw\u00e4hlen.<\/p>\n\n\n\n<p>Dieses Jahr sind die M\u00fctter der Zuchtbuchnummer:<\/p>\n\n\n\n<ul class=\"wp-block-list\">\n<li>DE\u2026\u2026<\/li>\n\n\n\n<li>DE\u2026\u2026.<\/li>\n<\/ul>\n\n\n\n<p>ausgew\u00e4hlt. Die M\u00fctter sind gek\u00f6rt bzw. k\u00f6rf\u00e4hig.<\/p>\n\n\n\n<p>Aktuelle Infos dar\u00fcber bekommt ihr gerne unter der Mailadresse: <a href=\"mailto:zucht@bremer-imker.de\">zucht@bremer-imker.de<\/a><\/p>\n\n\n\n<p>Gerne wird auch Zuchtmaterial von Buckfastk\u00f6niginnen abgegeben. Dieses muss dann \u00fcber die Mailadresse <a href=\"mailto:angi@bienen-erfurt.de\">angi@bienen-erfurt.de<\/a> abgesprochen werden.<\/p>\n\n\n\n<p>Auch bei uns am Lehrbienenstand an der Rockwinkeler Landstrasse 5, Bremen-Oberneuland, besteht die M\u00f6glichkeit Edelmaden von guten M\u00fcttern zu bekommen. Unser Team ist jeden Donnerstag am Lehrbienenstand von 15 bis 18 Uhr.<\/p>\n\n\n\n<h3 class=\"wp-block-heading\">&nbsp;<\/h3>\n\n\n\n<div data-wp-interactive=\"core\/file\" class=\"wp-block-file\"><object data-wp-bind--hidden=\"!state.hasPdfPreview\" hidden class=\"wp-block-file__embed\" data=\"https:\/\/www.bremer-imker.de\/bremer-imkerverein\/wp-content\/uploads\/2026\/04\/Umlarvinfotag-Bremen-2026.pdf\" type=\"application\/pdf\" style=\"width:100%;height:600px\" aria-label=\"Einbettung von Umlarvinfotag Bremen 2026.\"><\/object><a id=\"wp-block-file--media-9c6ef1bd-5031-4099-aaab-a7cc435bc43f\" href=\"https:\/\/www.bremer-imker.de\/bremer-imkerverein\/wp-content\/uploads\/2026\/04\/Umlarvinfotag-Bremen-2026.pdf\">Umlarvinfotag Bremen 2026<\/a><a href=\"https:\/\/www.bremer-imker.de\/bremer-imkerverein\/wp-content\/uploads\/2026\/04\/Umlarvinfotag-Bremen-2026.pdf\" class=\"wp-block-file__button wp-element-button\" download aria-describedby=\"wp-block-file--media-9c6ef1bd-5031-4099-aaab-a7cc435bc43f\">Herunterladen<\/a><\/div>\n\n\n\n<p><strong>Info:<\/strong><\/p>\n\n\n\n<p>Abgabe von Maden, schlupfreife Zellen, unbegattete K\u00f6niginnen und begattete K\u00f6niginnen.<\/p>\n\n\n\n<figure class=\"wp-block-table\"><table class=\"has-fixed-layout\"><tbody><tr><td><strong>Name:<\/strong><\/td><td><strong>Kontakt<\/strong><\/td><td><strong>Rasse<\/strong><\/td><\/tr><tr><td>Marten Carstensen<\/td><td><a href=\"mailto:m.carstensen@bremer-imker.de\">m.carstensen@bremer-imker.de<\/a>0178\/4689873<\/td><td>Carnica<\/td><\/tr><tr><td>Ang\u00e9la Erfurt<\/td><td><a href=\"mailto:angi@bienen-erfurt.de\">angi@bienen-erfurt.de<\/a><\/td><td>Carnica und Buckfast<\/td><\/tr><tr><td>Daniel Urbach<\/td><td><a href=\"mailto:Zucht@bremer-imker.de\">Zucht@bremer-imker.de<\/a><\/td><td>Carnica<\/td><\/tr><tr><td>Horst Wolfrum<\/td><td><a href=\"mailto:gesundheit@bremer-imker.de\">gesundheit@bremer-imker.de<\/a><\/td><td>Carnica<\/td><\/tr><tr><td>Heiner Wolfrum<\/td><td><\/td><td><\/td><\/tr><\/tbody><\/table><\/figure>\n\n\n\n<p><\/p>\n","protected":false},"excerpt":{"rendered":"<p>Bei uns im Verein haben jedes Jahr Mitglieder und Interessierte die M\u00f6glichkeit aktiv an der K\u00f6niginnenzucht teilzunehmen. Dazu veranstalten wir im Verein einen Umlarvinfotag . Hier erfahrt ihr im Detail, wie man seine V\u00f6lker f\u00fcr eine erfolgreiche Zucht vorbereiten muss. Nach dem ersten Treffen kommt dann ca. 14 Tage sp\u00e4ter der Umlarvtag . Dort habt &hellip; <\/p>\n<p class=\"link-more\"><a href=\"https:\/\/www.bremer-imker.de\/bremer-imkerverein\/koeniginnenzucht\/\" class=\"more-link\">Mehr <span class=\"screen-reader-text\">\u00fcber &#8222;K\u00f6niginnen \/ Zucht&#8220; <\/span>Lesen<\/a><\/p>\n","protected":false},"author":2,"featured_media":5543,"parent":0,"menu_order":0,"comment_status":"closed","ping_status":"closed","template":"","meta":{"_mc_calendar":[],"footnotes":""},"class_list":["post-402","page","type-page","status-publish","has-post-thumbnail","hentry"],"_links":{"self":[{"href":"https:\/\/www.bremer-imker.de\/bremer-imkerverein\/wp-json\/wp\/v2\/pages\/402","targetHints":{"allow":["GET"]}}],"collection":[{"href":"https:\/\/www.bremer-imker.de\/bremer-imkerverein\/wp-json\/wp\/v2\/pages"}],"about":[{"href":"https:\/\/www.bremer-imker.de\/bremer-imkerverein\/wp-json\/wp\/v2\/types\/page"}],"author":[{"embeddable":true,"href":"https:\/\/www.bremer-imker.de\/bremer-imkerverein\/wp-json\/wp\/v2\/users\/2"}],"replies":[{"embeddable":true,"href":"https:\/\/www.bremer-imker.de\/bremer-imkerverein\/wp-json\/wp\/v2\/comments?post=402"}],"version-history":[{"count":41,"href":"https:\/\/www.bremer-imker.de\/bremer-imkerverein\/wp-json\/wp\/v2\/pages\/402\/revisions"}],"predecessor-version":[{"id":5742,"href":"https:\/\/www.bremer-imker.de\/bremer-imkerverein\/wp-json\/wp\/v2\/pages\/402\/revisions\/5742"}],"wp:featuredmedia":[{"embeddable":true,"href":"https:\/\/www.bremer-imker.de\/bremer-imkerverein\/wp-json\/wp\/v2\/media\/5543"}],"wp:attachment":[{"href":"https:\/\/www.bremer-imker.de\/bremer-imkerverein\/wp-json\/wp\/v2\/media?parent=402"}],"curies":[{"name":"wp","href":"https:\/\/api.w.org\/{rel}","templated":true}]}}

Königinnen / Zucht

<p>Bei uns im Verein haben jedes Jahr Mitglieder und Interessierte die Möglichkeit aktiv an der Königinnenzucht teilzunehmen. Dazu veranstalten wir im Verein einen <strong>Umlarvinfotag</strong> . Hier erfahrt ihr im Detail, wie man seine Völker für eine erfolgreiche Zucht vorbereiten muss. Nach dem ersten Treffen kommt dann ca. 14 Tage später der <strong>Umlarvtag </strong>. Dort habt ihr dann die Möglichkeit, aus verschiedenen Linien das für euch Passende auszuwählen.</p>



<p>Dieses Jahr sind die Mütter der Zuchtbuchnummer:</p>



<ul class="wp-block-list">
<li>DE……</li>



<li>DE…….</li>
</ul>



<p>ausgewählt. Die Mütter sind gekört bzw. körfähig.</p>



<p>Aktuelle Infos darüber bekommt ihr gerne unter der Mailadresse: <a href="mailto:zucht@bremer-imker.de">zucht@bremer-imker.de</a></p>



<p>Gerne wird auch Zuchtmaterial von Buckfastköniginnen abgegeben. Dieses muss dann über die Mailadresse <a href="mailto:angi@bienen-erfurt.de">angi@bienen-erfurt.de</a> abgesprochen werden.</p>



<p>Auch bei uns am Lehrbienenstand an der Rockwinkeler Landstrasse 5, Bremen-Oberneuland, besteht die Möglichkeit Edelmaden von guten Müttern zu bekommen. Unser Team ist jeden Donnerstag am Lehrbienenstand von 15 bis 18 Uhr.</p>



<h3 class="wp-block-heading">&nbsp;</h3>



<div data-wp-interactive="core/file" class="wp-block-file"><object data-wp-bind--hidden="!state.hasPdfPreview" hidden class="wp-block-file__embed" data="https://www.bremer-imker.de/bremer-imkerverein/wp-content/uploads/2026/04/Umlarvinfotag-Bremen-2026.pdf" type="application/pdf" style="width:100%;height:600px" aria-label="Einbettung von Umlarvinfotag Bremen 2026."></object><a id="wp-block-file--media-9c6ef1bd-5031-4099-aaab-a7cc435bc43f" href="https://www.bremer-imker.de/bremer-imkerverein/wp-content/uploads/2026/04/Umlarvinfotag-Bremen-2026.pdf">Umlarvinfotag Bremen 2026</a><a href="https://www.bremer-imker.de/bremer-imkerverein/wp-content/uploads/2026/04/Umlarvinfotag-Bremen-2026.pdf" class="wp-block-file__button wp-element-button" download aria-describedby="wp-block-file--media-9c6ef1bd-5031-4099-aaab-a7cc435bc43f">Herunterladen</a></div>



<p><strong>Info:</strong></p>



<p>Abgabe von Maden, schlupfreife Zellen, unbegattete Königinnen und begattete Königinnen.</p>



<figure class="wp-block-table"><table class="has-fixed-layout"><tbody><tr><td><strong>Name:</strong></td><td><strong>Kontakt</strong></td><td><strong>Rasse</strong></td></tr><tr><td>Marten Carstensen</td><td><a href="mailto:m.carstensen@bremer-imker.de">m.carstensen@bremer-imker.de</a>0178/4689873</td><td>Carnica</td></tr><tr><td>Angéla Erfurt</td><td><a href="mailto:angi@bienen-erfurt.de">angi@bienen-erfurt.de</a></td><td>Carnica und Buckfast</td></tr><tr><td>Daniel Urbach</td><td><a href="mailto:Zucht@bremer-imker.de">Zucht@bremer-imker.de</a></td><td>Carnica</td></tr><tr><td>Horst Wolfrum</td><td><a href="mailto:gesundheit@bremer-imker.de">gesundheit@bremer-imker.de</a></td><td>Carnica</td></tr><tr><td>Heiner Wolfrum</td><td></td><td></td></tr></tbody></table></figure>



<p></p>

<p>Bei uns im Verein haben jedes Jahr Mitglieder und Interessierte die Möglichkeit aktiv an der Königinnenzucht teilzunehmen. Dazu veranstalten wir im Verein einen Umlarvinfotag . Hier erfahrt ihr im Detail, wie man seine Völker für eine erfolgreiche Zucht vorbereiten muss. Nach dem ersten Treffen kommt dann ca. 14 Tage später der Umlarvtag . Dort habt &hellip; </p>
<p class="link-more"><a href="https://www.bremer-imker.de/bremer-imkerverein/koeniginnenzucht/" class="more-link">Mehr <span class="screen-reader-text">über &#8222;Königinnen / Zucht&#8220; </span>Lesen</a></p>
