{"id":444,"date":"2016-02-16T14:17:22","date_gmt":"2016-02-16T13:17:22","guid":{"rendered":"http:\/\/www.bremer-imker.de\/bremer-imkerverein\/?page_id=444"},"modified":"2025-12-03T11:02:54","modified_gmt":"2025-12-03T10:02:54","slug":"der-imkerverein","status":"publish","type":"page","link":"https:\/\/www.bremer-imker.de\/bremer-imkerverein\/der-imkerverein\/","title":{"rendered":"Der Imkerverein"},"content":{"rendered":"<h3>Der Imkerverein Bremen von 1875 e.V.<\/h3>\n<p>Unser Verein ist ordentliches Mitglied des Landesverbandes der Imker Weser-Ems e.V.<\/p>\n<p>Unser Verein tr\u00e4gt den Namen:<br \/>\n<strong>IMKERVEREIN BREMEN von 1875 e.V.<\/strong><\/p>\n<p>Der Verein wurde am 18.M\u00e4rz 1991 in das Vereinsregister eingetragen (<a href=\"http:\/\/www.bremer-imker.de\/bremer-imkerverein\/chronik\/\"> siehe Chronik <\/a>) und er z\u00e4hlt z.Z. 310 Mitglieder und bewirtschaftet im Schnitt 5 V\u00f6lker pro Imker.<\/p>\n<p>Unsere Vereinsabende finden jeden letzten Dienstag im Monat (au\u00dfer im Januar) statt (Ort und Thema immer aktuell im Kalender).<\/p>\n<h3>Sie m\u00f6chten Mitglied werden?<\/h3>\n<p><a href=\"http:\/\/www.bremer-imker.de\/bremer-imkerverein\/mitglied-werden\/\">Hier finden Sie ein Online-Formular<\/a> oder k\u00f6nnen sich ein PDF f\u00fcr die Anmeldung downloaden.<\/p>\n","protected":false},"excerpt":{"rendered":"<p>Der Imkerverein Bremen von 1875 e.V. Unser Verein ist ordentliches Mitglied des Landesverbandes der Imker Weser-Ems e.V. Unser Verein tr\u00e4gt den Namen: IMKERVEREIN BREMEN von 1875 e.V. Der Verein wurde am 18.M\u00e4rz 1991 in das Vereinsregister eingetragen ( siehe Chronik ) und er z\u00e4hlt z.Z. 310 Mitglieder und bewirtschaftet im Schnitt 5 V\u00f6lker pro Imker. &hellip; <\/p>\n<p class=\"link-more\"><a href=\"https:\/\/www.bremer-imker.de\/bremer-imkerverein\/der-imkerverein\/\" class=\"more-link\">Mehr <span class=\"screen-reader-text\">\u00fcber &#8222;Der Imkerverein&#8220; <\/span>Lesen<\/a><\/p>\n","protected":false},"author":2,"featured_media":0,"parent":0,"menu_order":0,"comment_status":"closed","ping_status":"closed","template":"","meta":{"_mc_calendar":[],"footnotes":""},"class_list":["post-444","page","type-page","status-publish","hentry"],"_links":{"self":[{"href":"https:\/\/www.bremer-imker.de\/bremer-imkerverein\/wp-json\/wp\/v2\/pages\/444","targetHints":{"allow":["GET"]}}],"collection":[{"href":"https:\/\/www.bremer-imker.de\/bremer-imkerverein\/wp-json\/wp\/v2\/pages"}],"about":[{"href":"https:\/\/www.bremer-imker.de\/bremer-imkerverein\/wp-json\/wp\/v2\/types\/page"}],"author":[{"embeddable":true,"href":"https:\/\/www.bremer-imker.de\/bremer-imkerverein\/wp-json\/wp\/v2\/users\/2"}],"replies":[{"embeddable":true,"href":"https:\/\/www.bremer-imker.de\/bremer-imkerverein\/wp-json\/wp\/v2\/comments?post=444"}],"version-history":[{"count":4,"href":"https:\/\/www.bremer-imker.de\/bremer-imkerverein\/wp-json\/wp\/v2\/pages\/444\/revisions"}],"predecessor-version":[{"id":5615,"href":"https:\/\/www.bremer-imker.de\/bremer-imkerverein\/wp-json\/wp\/v2\/pages\/444\/revisions\/5615"}],"wp:attachment":[{"href":"https:\/\/www.bremer-imker.de\/bremer-imkerverein\/wp-json\/wp\/v2\/media?parent=444"}],"curies":[{"name":"wp","href":"https:\/\/api.w.org\/{rel}","templated":true}]}}

<h3>Der Imkerverein Bremen von 1875 e.V.</h3>
<p>Unser Verein ist ordentliches Mitglied des Landesverbandes der Imker Weser-Ems e.V.</p>
<p>Unser Verein trägt den Namen:<br />
<strong>IMKERVEREIN BREMEN von 1875 e.V.</strong></p>
<p>Der Verein wurde am 18.März 1991 in das Vereinsregister eingetragen (<a href="http://www.bremer-imker.de/bremer-imkerverein/chronik/"> siehe Chronik </a>) und er zählt z.Z. 310 Mitglieder und bewirtschaftet im Schnitt 5 Völker pro Imker.</p>
<p>Unsere Vereinsabende finden jeden letzten Dienstag im Monat (außer im Januar) statt (Ort und Thema immer aktuell im Kalender).</p>
<h3>Sie möchten Mitglied werden?</h3>
<p><a href="http://www.bremer-imker.de/bremer-imkerverein/mitglied-werden/">Hier finden Sie ein Online-Formular</a> oder können sich ein PDF für die Anmeldung downloaden.</p>

<p>Der Imkerverein Bremen von 1875 e.V. Unser Verein ist ordentliches Mitglied des Landesverbandes der Imker Weser-Ems e.V. Unser Verein trägt den Namen: IMKERVEREIN BREMEN von 1875 e.V. Der Verein wurde am 18.März 1991 in das Vereinsregister eingetragen ( siehe Chronik ) und er zählt z.Z. 310 Mitglieder und bewirtschaftet im Schnitt 5 Völker pro Imker. &hellip; </p>
<p class="link-more"><a href="https://www.bremer-imker.de/bremer-imkerverein/der-imkerverein/" class="more-link">Mehr <span class="screen-reader-text">über &#8222;Der Imkerverein&#8220; </span>Lesen</a></p>
