{"id":491,"date":"2016-02-17T03:26:42","date_gmt":"2016-02-17T02:26:42","guid":{"rendered":"http:\/\/www.bremer-imker.de\/bremer-imkerverein\/?page_id=491"},"modified":"2022-06-28T21:14:28","modified_gmt":"2022-06-28T19:14:28","slug":"bienengesundheit-2","status":"publish","type":"page","link":"https:\/\/www.bremer-imker.de\/bremer-imkerverein\/bienengesundheit-2\/","title":{"rendered":"Bienengesundheit"},"content":{"rendered":"<p><strong><span style=\"font-size: 12pt;\">Haben wir die Varroa unter Kontrolle?<\/span><\/strong><\/p>\n<p>Wie k\u00f6nnen wir als Imker feststellen, ob unsere Biene von der Varroa befallen ist?<\/p>\n<p><strong>Was m\u00fcssen wir an unseren Bienenv\u00f6lkern tun?<\/strong><\/p>\n<ul>\n<li>Die Zeit der Behandlung von Bienenv\u00f6lkern gegen die Varroa destructor, kurz Varroa genannt, findet ausserhalb der Trachtzeit statt, dh wenn die Honigr\u00e4ume abgenommen sind und durch die Behandlungsmittel der Honig nicht beeinflusst werden kann.<\/li>\n<li>Durch das einlegen der Windeln wird von Zeit zu Zeit eine Kontrolle durchgef\u00fchrt und der nat\u00fcrliche Totenfall von Varroen in Augenschein genommen.<\/li>\n<li>Der Befallsgrad ist unterschiedlich zu bewerten, da dieser von der Jahreszeit und der Volksst\u00e4rke abh\u00e4ngt. Z.B. im Juli 6-7 Milben pro Tag sollte eine sofortige Behandlung beginnen, da die heranwachsenden Winterbienen zu stark gesch\u00e4digt werden. Nach Abnahme der Honigr\u00e4ume empfehle ich immer eine Behandlung gegen die Varroa.<\/li>\n<li><strong>Welche Mittel stehen uns zur Verf\u00fcgung:<\/strong><br><em>Hier unterscheiden wir Behandlungsmittel die angewendet werden sollen bei V\u00f6lkern mit Brut und V\u00f6lker ohne Brut. <\/em><\/li>\n<\/ul>\n<table border=\"0\">\n<tbody>\n<tr>\n<td>Behandlungsmittel bei <strong>V\u00f6lkern mit Brut<\/strong><\/td>\n<td>Behandlungsmittel bei <strong>V\u00f6lkern ohne Brut<\/strong><\/td>\n<\/tr>\n<tr>\n<td>\n<ul>\n<li>Ameisens\u00e4ure<\/li>\n<li>Milchs\u00e4ure<\/li>\n<li>Drohnenschnitt ( Biotechnisches Verfahren)<\/li>\n<li>Thymol in Apiguard<\/li>\n<\/ul>\n<\/td>\n<td>\n<ul>\n<li>Spr\u00fchbehandlung mit Milchs\u00e4ure<\/li>\n<li>Tr\u00e4ufelverfahren mit Oxals\u00e4ure <a href=\"https:\/\/www.bremer-imker.de\/bremer-imkerverein\/oxalsaeurebehandlung-wie-machst-du-denn-das\/\">Video<\/a><\/li>\n<li>Tr\u00e4ufelverfahren mit Perizin<\/li>\n<\/ul>\n<\/td>\n<\/tr>\n<\/tbody>\n<\/table>\n<p>Varroakontrolle- endlich schnell, einfach und Bienenfreunlich<br>[download id=&#8220;492&#8243;] 367 kB<\/p>\n<p>Hier ein Hinweis zur Richtigen Entnahme der Futterkranzprobe:<br><a href=\"https:\/\/www.bremer-imker.de\/bremer-imkerverein\/wp-content\/uploads\/2019\/10\/FKP-2019.pdf\">FKP 2019<\/a> und die Vorlage f\u00fcr das Entnahmeprotokoll: <a href=\"https:\/\/www.bremer-imker.de\/bremer-imkerverein\/wp-content\/uploads\/2019\/10\/Probenprotokoll-Futterkranzproben.pdf\">Probenprotokoll Futterkranzproben<\/a><\/p>\n<p><strong>Ausbruchs der Amerikanischen Faulbrut&nbsp;<\/strong><\/p>\n<p>Am 13.06.19 wurde durch Amtliche Bekanntmachung ein Sperrgebiet in&nbsp;<br>Bremen eingerichtet aufgrund des Ausbruchs der Amerikanischen Faulbrut&nbsp;<br>bei Bienen.<\/p>\n<p>Mit der Zeit stellen sich Fragen ein, diese habt Marten Carstensen unser zweiter Vorsitzender zusammen getragen, erg\u00e4nzt und an das LMTVet des Landes Bremen, zu H\u00e4nden Frau Dr. Schr\u00f6der, gerichtet. Sehr zeitnahe haben wir diese, sehr umfangreiche Antwort erhalten.<\/p>\n\n\n<div class=\"wp-block-file\"><a id=\"wp-block-file--media-c75595d3-cbda-4606-9b3b-9fe825f73cfe\" href=\"https:\/\/www.bremer-imker.de\/bremer-imkerverein\/wp-content\/uploads\/2019\/08\/AFB-Fragen-an-das-LMTVet-08.19-1.pdf\">AFB Fragen an das LMTVet 08.19<\/a><a href=\"https:\/\/www.bremer-imker.de\/bremer-imkerverein\/wp-content\/uploads\/2019\/08\/AFB-Fragen-an-das-LMTVet-08.19-1.pdf\" class=\"wp-block-file__button\" download aria-describedby=\"wp-block-file--media-c75595d3-cbda-4606-9b3b-9fe825f73cfe\">Herunterladen<\/a><\/div>\n\n\n\n<p><strong>Celler Info:<\/strong><\/p>\n\n\n\n<p>VARROA-Bekaempfung in \u00d6ko-Imkereien<br>[download id=&#8220;494&#8243;] 126 kB<\/p>\n\n\n\n<p><\/p>\n\n\n\n<div data-wp-interactive=\"core\/file\" class=\"wp-block-file\"><object data-wp-bind--hidden=\"!state.hasPdfPreview\" hidden class=\"wp-block-file__embed\" data=\"https:\/\/www.bremer-imker.de\/bremer-imkerverein\/wp-content\/uploads\/2022\/06\/varroa-flyer-2-bannwabenverfahren.pdf\" type=\"application\/pdf\" style=\"width:100%;height:600px\" aria-label=\"Einbettung von Einbettung von varroa-flyer-2-bannwabenverfahren..\"><\/object><a id=\"wp-block-file--media-e0ad6fec-0a29-4e34-8de4-e7f0ce0aadd4\" href=\"https:\/\/www.bremer-imker.de\/bremer-imkerverein\/wp-content\/uploads\/2022\/06\/varroa-flyer-2-bannwabenverfahren.pdf\">varroa-flyer-2-bannwabenverfahren<\/a><a href=\"https:\/\/www.bremer-imker.de\/bremer-imkerverein\/wp-content\/uploads\/2022\/06\/varroa-flyer-2-bannwabenverfahren.pdf\" class=\"wp-block-file__button\" download aria-describedby=\"wp-block-file--media-e0ad6fec-0a29-4e34-8de4-e7f0ce0aadd4\">Herunterladen<\/a><\/div>\n\n\n\n<div data-wp-interactive=\"core\/file\" class=\"wp-block-file\"><object data-wp-bind--hidden=\"!state.hasPdfPreview\" hidden class=\"wp-block-file__embed\" data=\"https:\/\/www.bremer-imker.de\/bremer-imkerverein\/wp-content\/uploads\/2022\/06\/Flyer_Varroa_1_-_Naturnahe_Varroabehandlung_170302.pdf\" type=\"application\/pdf\" style=\"width:100%;height:600px\" aria-label=\"Einbettung von Einbettung von Flyer_Varroa_1_-_Naturnahe_Varroabehandlung_170302..\"><\/object><a id=\"wp-block-file--media-03a42b4a-9cdd-4d99-8fec-3c8ef9b6111a\" href=\"https:\/\/www.bremer-imker.de\/bremer-imkerverein\/wp-content\/uploads\/2022\/06\/Flyer_Varroa_1_-_Naturnahe_Varroabehandlung_170302.pdf\">Flyer_Varroa_1_-_Naturnahe_Varroabehandlung_170302<\/a><a href=\"https:\/\/www.bremer-imker.de\/bremer-imkerverein\/wp-content\/uploads\/2022\/06\/Flyer_Varroa_1_-_Naturnahe_Varroabehandlung_170302.pdf\" class=\"wp-block-file__button\" download aria-describedby=\"wp-block-file--media-03a42b4a-9cdd-4d99-8fec-3c8ef9b6111a\">Herunterladen<\/a><\/div>\n\n\n\n<div data-wp-interactive=\"core\/file\" class=\"wp-block-file\"><object data-wp-bind--hidden=\"!state.hasPdfPreview\" hidden class=\"wp-block-file__embed\" data=\"https:\/\/www.bremer-imker.de\/bremer-imkerverein\/wp-content\/uploads\/2022\/06\/Flyer_Varroa_2_-_Komplette_Brutentnahme_170302.pdf\" type=\"application\/pdf\" style=\"width:100%;height:600px\" aria-label=\"Einbettung von Einbettung von Flyer_Varroa_2_-_Komplette_Brutentnahme_170302..\"><\/object><a id=\"wp-block-file--media-6d0d8d74-0297-473b-82c8-aa713a362032\" href=\"https:\/\/www.bremer-imker.de\/bremer-imkerverein\/wp-content\/uploads\/2022\/06\/Flyer_Varroa_2_-_Komplette_Brutentnahme_170302.pdf\">Flyer_Varroa_2_-_Komplette_Brutentnahme_170302<\/a><a href=\"https:\/\/www.bremer-imker.de\/bremer-imkerverein\/wp-content\/uploads\/2022\/06\/Flyer_Varroa_2_-_Komplette_Brutentnahme_170302.pdf\" class=\"wp-block-file__button\" download aria-describedby=\"wp-block-file--media-6d0d8d74-0297-473b-82c8-aa713a362032\">Herunterladen<\/a><\/div>\n\n\n\n<div data-wp-interactive=\"core\/file\" class=\"wp-block-file\"><object data-wp-bind--hidden=\"!state.hasPdfPreview\" hidden class=\"wp-block-file__embed\" data=\"https:\/\/www.bremer-imker.de\/bremer-imkerverein\/wp-content\/uploads\/2022\/06\/Flyer_Varroa_3_-_Das_Bannwabenverfahren_170302.pdf\" type=\"application\/pdf\" style=\"width:100%;height:600px\" aria-label=\"Einbettung von Einbettung von Flyer_Varroa_3_-_Das_Bannwabenverfahren_170302..\"><\/object><a id=\"wp-block-file--media-e1c007dd-0f75-4524-bac3-aff8569f4301\" href=\"https:\/\/www.bremer-imker.de\/bremer-imkerverein\/wp-content\/uploads\/2022\/06\/Flyer_Varroa_3_-_Das_Bannwabenverfahren_170302.pdf\">Flyer_Varroa_3_-_Das_Bannwabenverfahren_170302<\/a><a href=\"https:\/\/www.bremer-imker.de\/bremer-imkerverein\/wp-content\/uploads\/2022\/06\/Flyer_Varroa_3_-_Das_Bannwabenverfahren_170302.pdf\" class=\"wp-block-file__button\" download aria-describedby=\"wp-block-file--media-e1c007dd-0f75-4524-bac3-aff8569f4301\">Herunterladen<\/a><\/div>\n\n\n\n<div data-wp-interactive=\"core\/file\" class=\"wp-block-file\"><object data-wp-bind--hidden=\"!state.hasPdfPreview\" hidden class=\"wp-block-file__embed\" data=\"https:\/\/www.bremer-imker.de\/bremer-imkerverein\/wp-content\/uploads\/2022\/06\/Flyer_Varroa_4_-_Kuenstliche_Brutunterbrechung_170302.pdf\" type=\"application\/pdf\" style=\"width:100%;height:600px\" aria-label=\"Einbettung von Einbettung von Flyer_Varroa_4_-_Kuenstliche_Brutunterbrechung_170302..\"><\/object><a id=\"wp-block-file--media-78c6f25a-e6dd-4f12-91f4-d2fb4ce6aee1\" href=\"https:\/\/www.bremer-imker.de\/bremer-imkerverein\/wp-content\/uploads\/2022\/06\/Flyer_Varroa_4_-_Kuenstliche_Brutunterbrechung_170302.pdf\">Flyer_Varroa_4_-_Kuenstliche_Brutunterbrechung_170302<\/a><a href=\"https:\/\/www.bremer-imker.de\/bremer-imkerverein\/wp-content\/uploads\/2022\/06\/Flyer_Varroa_4_-_Kuenstliche_Brutunterbrechung_170302.pdf\" class=\"wp-block-file__button\" download aria-describedby=\"wp-block-file--media-78c6f25a-e6dd-4f12-91f4-d2fb4ce6aee1\">Herunterladen<\/a><\/div>\n\n\n\n<p>Fachinformation Kleiner Beutenk\u00e4fer (Aethina tumida) Schweiz<br><a href=\"http:\/\/www.blv.admin.ch\/gesundheit_tiere\/01065\/01456\/01457\/index.html?lang=de\" target=\"_blank\" rel=\"noreferrer noopener\">Externer Link<\/a><\/p>\n\n\n\n<p>Unter dieser Adresse finden sie die aktuellen Afb Bezirke aufgef\u00fchrt<br><a href=\"https:\/\/www.amtliche-bekanntmachungen.bremen.de\/einrichtung-sperrbezirk-in-bremen-aufgrund-der-amerikanischen-faulbrut-46756479\" target=\"_blank\" rel=\"noreferrer noopener\">Externer Link<\/a><\/p>\n\n\n\n<p>Haben Sie noch interessante Links oder Dokumente f\u00fcr unsere Webseiten? Dann melden Sie sich bitte unter <a href=\"http:\/\/www.bremer-imker.de\/bremer-imkerverein\/kontakt\/\">Kontakt.<\/a><\/p>\n","protected":false},"excerpt":{"rendered":"<p>Haben wir die Varroa unter Kontrolle? Wie k\u00f6nnen wir als Imker feststellen, ob unsere Biene von der Varroa befallen ist? Was m\u00fcssen wir an unseren Bienenv\u00f6lkern tun? Die Zeit der Behandlung von Bienenv\u00f6lkern gegen die Varroa destructor, kurz Varroa genannt, findet ausserhalb der Trachtzeit statt, dh wenn die Honigr\u00e4ume abgenommen sind und durch die Behandlungsmittel &hellip; <\/p>\n<p class=\"link-more\"><a href=\"https:\/\/www.bremer-imker.de\/bremer-imkerverein\/bienengesundheit-2\/\" class=\"more-link\">Mehr <span class=\"screen-reader-text\">\u00fcber &#8222;Bienengesundheit&#8220; <\/span>Lesen<\/a><\/p>\n","protected":false},"author":2,"featured_media":0,"parent":0,"menu_order":0,"comment_status":"closed","ping_status":"closed","template":"","meta":{"_mc_calendar":[],"footnotes":""},"class_list":["post-491","page","type-page","status-publish","hentry"],"_links":{"self":[{"href":"https:\/\/www.bremer-imker.de\/bremer-imkerverein\/wp-json\/wp\/v2\/pages\/491","targetHints":{"allow":["GET"]}}],"collection":[{"href":"https:\/\/www.bremer-imker.de\/bremer-imkerverein\/wp-json\/wp\/v2\/pages"}],"about":[{"href":"https:\/\/www.bremer-imker.de\/bremer-imkerverein\/wp-json\/wp\/v2\/types\/page"}],"author":[{"embeddable":true,"href":"https:\/\/www.bremer-imker.de\/bremer-imkerverein\/wp-json\/wp\/v2\/users\/2"}],"replies":[{"embeddable":true,"href":"https:\/\/www.bremer-imker.de\/bremer-imkerverein\/wp-json\/wp\/v2\/comments?post=491"}],"version-history":[{"count":11,"href":"https:\/\/www.bremer-imker.de\/bremer-imkerverein\/wp-json\/wp\/v2\/pages\/491\/revisions"}],"predecessor-version":[{"id":4226,"href":"https:\/\/www.bremer-imker.de\/bremer-imkerverein\/wp-json\/wp\/v2\/pages\/491\/revisions\/4226"}],"wp:attachment":[{"href":"https:\/\/www.bremer-imker.de\/bremer-imkerverein\/wp-json\/wp\/v2\/media?parent=491"}],"curies":[{"name":"wp","href":"https:\/\/api.w.org\/{rel}","templated":true}]}}

<p><strong><span style="font-size: 12pt;">Haben wir die Varroa unter Kontrolle?</span></strong></p>
<p>Wie können wir als Imker feststellen, ob unsere Biene von der Varroa befallen ist?</p>
<p><strong>Was müssen wir an unseren Bienenvölkern tun?</strong></p>
<ul>
<li>Die Zeit der Behandlung von Bienenvölkern gegen die Varroa destructor, kurz Varroa genannt, findet ausserhalb der Trachtzeit statt, dh wenn die Honigräume abgenommen sind und durch die Behandlungsmittel der Honig nicht beeinflusst werden kann.</li>
<li>Durch das einlegen der Windeln wird von Zeit zu Zeit eine Kontrolle durchgeführt und der natürliche Totenfall von Varroen in Augenschein genommen.</li>
<li>Der Befallsgrad ist unterschiedlich zu bewerten, da dieser von der Jahreszeit und der Volksstärke abhängt. Z.B. im Juli 6-7 Milben pro Tag sollte eine sofortige Behandlung beginnen, da die heranwachsenden Winterbienen zu stark geschädigt werden. Nach Abnahme der Honigräume empfehle ich immer eine Behandlung gegen die Varroa.</li>
<li><strong>Welche Mittel stehen uns zur Verfügung:</strong><br><em>Hier unterscheiden wir Behandlungsmittel die angewendet werden sollen bei Völkern mit Brut und Völker ohne Brut. </em></li>
</ul>
<table border="0">
<tbody>
<tr>
<td>Behandlungsmittel bei <strong>Völkern mit Brut</strong></td>
<td>Behandlungsmittel bei <strong>Völkern ohne Brut</strong></td>
</tr>
<tr>
<td>
<ul>
<li>Ameisensäure</li>
<li>Milchsäure</li>
<li>Drohnenschnitt ( Biotechnisches Verfahren)</li>
<li>Thymol in Apiguard</li>
</ul>
</td>
<td>
<ul>
<li>Sprühbehandlung mit Milchsäure</li>
<li>Träufelverfahren mit Oxalsäure <a href="https://www.bremer-imker.de/bremer-imkerverein/oxalsaeurebehandlung-wie-machst-du-denn-das/">Video</a></li>
<li>Träufelverfahren mit Perizin</li>
</ul>
</td>
</tr>
</tbody>
</table>
<p>Varroakontrolle- endlich schnell, einfach und Bienenfreunlich<br>[download id=&#8220;492&#8243;] 367 kB</p>
<p>Hier ein Hinweis zur Richtigen Entnahme der Futterkranzprobe:<br><a href="https://www.bremer-imker.de/bremer-imkerverein/wp-content/uploads/2019/10/FKP-2019.pdf">FKP 2019</a> und die Vorlage für das Entnahmeprotokoll: <a href="https://www.bremer-imker.de/bremer-imkerverein/wp-content/uploads/2019/10/Probenprotokoll-Futterkranzproben.pdf">Probenprotokoll Futterkranzproben</a></p>
<p><strong>Ausbruchs der Amerikanischen Faulbrut&nbsp;</strong></p>
<p>Am 13.06.19 wurde durch Amtliche Bekanntmachung ein Sperrgebiet in&nbsp;<br>Bremen eingerichtet aufgrund des Ausbruchs der Amerikanischen Faulbrut&nbsp;<br>bei Bienen.</p>
<p>Mit der Zeit stellen sich Fragen ein, diese habt Marten Carstensen unser zweiter Vorsitzender zusammen getragen, ergänzt und an das LMTVet des Landes Bremen, zu Händen Frau Dr. Schröder, gerichtet. Sehr zeitnahe haben wir diese, sehr umfangreiche Antwort erhalten.</p>


<div class="wp-block-file"><a id="wp-block-file--media-c75595d3-cbda-4606-9b3b-9fe825f73cfe" href="https://www.bremer-imker.de/bremer-imkerverein/wp-content/uploads/2019/08/AFB-Fragen-an-das-LMTVet-08.19-1.pdf">AFB Fragen an das LMTVet 08.19</a><a href="https://www.bremer-imker.de/bremer-imkerverein/wp-content/uploads/2019/08/AFB-Fragen-an-das-LMTVet-08.19-1.pdf" class="wp-block-file__button" download aria-describedby="wp-block-file--media-c75595d3-cbda-4606-9b3b-9fe825f73cfe">Herunterladen</a></div>



<p><strong>Celler Info:</strong></p>



<p>VARROA-Bekaempfung in Öko-Imkereien<br>[download id=&#8220;494&#8243;] 126 kB</p>



<p></p>



<div data-wp-interactive="core/file" class="wp-block-file"><object data-wp-bind--hidden="!state.hasPdfPreview" hidden class="wp-block-file__embed" data="https://www.bremer-imker.de/bremer-imkerverein/wp-content/uploads/2022/06/varroa-flyer-2-bannwabenverfahren.pdf" type="application/pdf" style="width:100%;height:600px" aria-label="Einbettung von Einbettung von varroa-flyer-2-bannwabenverfahren.."></object><a id="wp-block-file--media-e0ad6fec-0a29-4e34-8de4-e7f0ce0aadd4" href="https://www.bremer-imker.de/bremer-imkerverein/wp-content/uploads/2022/06/varroa-flyer-2-bannwabenverfahren.pdf">varroa-flyer-2-bannwabenverfahren</a><a href="https://www.bremer-imker.de/bremer-imkerverein/wp-content/uploads/2022/06/varroa-flyer-2-bannwabenverfahren.pdf" class="wp-block-file__button" download aria-describedby="wp-block-file--media-e0ad6fec-0a29-4e34-8de4-e7f0ce0aadd4">Herunterladen</a></div>



<div data-wp-interactive="core/file" class="wp-block-file"><object data-wp-bind--hidden="!state.hasPdfPreview" hidden class="wp-block-file__embed" data="https://www.bremer-imker.de/bremer-imkerverein/wp-content/uploads/2022/06/Flyer_Varroa_1_-_Naturnahe_Varroabehandlung_170302.pdf" type="application/pdf" style="width:100%;height:600px" aria-label="Einbettung von Einbettung von Flyer_Varroa_1_-_Naturnahe_Varroabehandlung_170302.."></object><a id="wp-block-file--media-03a42b4a-9cdd-4d99-8fec-3c8ef9b6111a" href="https://www.bremer-imker.de/bremer-imkerverein/wp-content/uploads/2022/06/Flyer_Varroa_1_-_Naturnahe_Varroabehandlung_170302.pdf">Flyer_Varroa_1_-_Naturnahe_Varroabehandlung_170302</a><a href="https://www.bremer-imker.de/bremer-imkerverein/wp-content/uploads/2022/06/Flyer_Varroa_1_-_Naturnahe_Varroabehandlung_170302.pdf" class="wp-block-file__button" download aria-describedby="wp-block-file--media-03a42b4a-9cdd-4d99-8fec-3c8ef9b6111a">Herunterladen</a></div>



<div data-wp-interactive="core/file" class="wp-block-file"><object data-wp-bind--hidden="!state.hasPdfPreview" hidden class="wp-block-file__embed" data="https://www.bremer-imker.de/bremer-imkerverein/wp-content/uploads/2022/06/Flyer_Varroa_2_-_Komplette_Brutentnahme_170302.pdf" type="application/pdf" style="width:100%;height:600px" aria-label="Einbettung von Einbettung von Flyer_Varroa_2_-_Komplette_Brutentnahme_170302.."></object><a id="wp-block-file--media-6d0d8d74-0297-473b-82c8-aa713a362032" href="https://www.bremer-imker.de/bremer-imkerverein/wp-content/uploads/2022/06/Flyer_Varroa_2_-_Komplette_Brutentnahme_170302.pdf">Flyer_Varroa_2_-_Komplette_Brutentnahme_170302</a><a href="https://www.bremer-imker.de/bremer-imkerverein/wp-content/uploads/2022/06/Flyer_Varroa_2_-_Komplette_Brutentnahme_170302.pdf" class="wp-block-file__button" download aria-describedby="wp-block-file--media-6d0d8d74-0297-473b-82c8-aa713a362032">Herunterladen</a></div>



<div data-wp-interactive="core/file" class="wp-block-file"><object data-wp-bind--hidden="!state.hasPdfPreview" hidden class="wp-block-file__embed" data="https://www.bremer-imker.de/bremer-imkerverein/wp-content/uploads/2022/06/Flyer_Varroa_3_-_Das_Bannwabenverfahren_170302.pdf" type="application/pdf" style="width:100%;height:600px" aria-label="Einbettung von Einbettung von Flyer_Varroa_3_-_Das_Bannwabenverfahren_170302.."></object><a id="wp-block-file--media-e1c007dd-0f75-4524-bac3-aff8569f4301" href="https://www.bremer-imker.de/bremer-imkerverein/wp-content/uploads/2022/06/Flyer_Varroa_3_-_Das_Bannwabenverfahren_170302.pdf">Flyer_Varroa_3_-_Das_Bannwabenverfahren_170302</a><a href="https://www.bremer-imker.de/bremer-imkerverein/wp-content/uploads/2022/06/Flyer_Varroa_3_-_Das_Bannwabenverfahren_170302.pdf" class="wp-block-file__button" download aria-describedby="wp-block-file--media-e1c007dd-0f75-4524-bac3-aff8569f4301">Herunterladen</a></div>



<div data-wp-interactive="core/file" class="wp-block-file"><object data-wp-bind--hidden="!state.hasPdfPreview" hidden class="wp-block-file__embed" data="https://www.bremer-imker.de/bremer-imkerverein/wp-content/uploads/2022/06/Flyer_Varroa_4_-_Kuenstliche_Brutunterbrechung_170302.pdf" type="application/pdf" style="width:100%;height:600px" aria-label="Einbettung von Einbettung von Flyer_Varroa_4_-_Kuenstliche_Brutunterbrechung_170302.."></object><a id="wp-block-file--media-78c6f25a-e6dd-4f12-91f4-d2fb4ce6aee1" href="https://www.bremer-imker.de/bremer-imkerverein/wp-content/uploads/2022/06/Flyer_Varroa_4_-_Kuenstliche_Brutunterbrechung_170302.pdf">Flyer_Varroa_4_-_Kuenstliche_Brutunterbrechung_170302</a><a href="https://www.bremer-imker.de/bremer-imkerverein/wp-content/uploads/2022/06/Flyer_Varroa_4_-_Kuenstliche_Brutunterbrechung_170302.pdf" class="wp-block-file__button" download aria-describedby="wp-block-file--media-78c6f25a-e6dd-4f12-91f4-d2fb4ce6aee1">Herunterladen</a></div>



<p>Fachinformation Kleiner Beutenkäfer (Aethina tumida) Schweiz<br><a href="http://www.blv.admin.ch/gesundheit_tiere/01065/01456/01457/index.html?lang=de" target="_blank" rel="noreferrer noopener">Externer Link</a></p>



<p>Unter dieser Adresse finden sie die aktuellen Afb Bezirke aufgeführt<br><a href="https://www.amtliche-bekanntmachungen.bremen.de/einrichtung-sperrbezirk-in-bremen-aufgrund-der-amerikanischen-faulbrut-46756479" target="_blank" rel="noreferrer noopener">Externer Link</a></p>



<p>Haben Sie noch interessante Links oder Dokumente für unsere Webseiten? Dann melden Sie sich bitte unter <a href="http://www.bremer-imker.de/bremer-imkerverein/kontakt/">Kontakt.</a></p>

<p>Haben wir die Varroa unter Kontrolle? Wie können wir als Imker feststellen, ob unsere Biene von der Varroa befallen ist? Was müssen wir an unseren Bienenvölkern tun? Die Zeit der Behandlung von Bienenvölkern gegen die Varroa destructor, kurz Varroa genannt, findet ausserhalb der Trachtzeit statt, dh wenn die Honigräume abgenommen sind und durch die Behandlungsmittel &hellip; </p>
<p class="link-more"><a href="https://www.bremer-imker.de/bremer-imkerverein/bienengesundheit-2/" class="more-link">Mehr <span class="screen-reader-text">über &#8222;Bienengesundheit&#8220; </span>Lesen</a></p>
