{"id":65,"date":"2016-02-05T02:55:28","date_gmt":"2016-02-05T01:55:28","guid":{"rendered":"http:\/\/www.bremer-imker.de\/bremer-imkerverein\/?page_id=65"},"modified":"2024-02-08T14:13:08","modified_gmt":"2024-02-08T13:13:08","slug":"ausserschulischer-unterricht","status":"publish","type":"page","link":"https:\/\/www.bremer-imker.de\/bremer-imkerverein\/ausserschulischer-unterricht\/","title":{"rendered":"Au\u00dferschulischer Unterricht"},"content":{"rendered":"\n<p>Seit Mai 2007 ist der Imkerverein Bremen&nbsp; von 1875 am L\u00fcr-Kropp-Hof in Oberneuland ein anerkannter au\u00dferschulischer Lernort.<\/p>\n\n\n\n<p><strong>Wo die Bienen wohnen:<\/strong><\/p>\n\n\n\n<p>Der Lehrbienenstand befindet sich im hinteren Teil des L\u00fcr-Kropp-Hof- Gel\u00e4ndes. Am Rand einer Streuobstwiese&nbsp; k\u00f6nnen die Bienen ungest\u00f6rt leben.&nbsp;<\/p>\n\n\n\n<figure class=\"wp-block-image\"><img decoding=\"async\" src=\"https:\/\/lh7-us.googleusercontent.com\/ctvRsUqWdok5XlKy4049JiwK2QlAtUX7QXi4iQ_dqgy0EexkEUPYmA-whSAfvRDfDbFmzznaTgrAKJvr900BYr1L6jjme320WCm0WdnQ9VqxYSbTQifVPJvK6sXszNFYV7oJ4XGhBRSaMunftOKKAA\" alt=\"C:\\Users\\Halo\\Desktop\\Bienenschule alles\\Bilder\\Bienenstand Holz.jpg\"\/><\/figure>\n\n\n\n<p>Gezeigt werden ganz unterschiedliche Beutenarten. So werden die K\u00e4sten, K\u00f6rbe und Holzfiguren genannt in denen die Bienenv\u00f6lker leben. Daneben sind diverse Behausungen f\u00fcr Wildbienen, Hummeln und Hornissen zu sehen.<\/p>\n\n\n\n<p>Im \u201eBienenspeicher\u201c&nbsp; wurden zahlreiche historische und neue Bienenbeuten sowie Imkerger\u00e4te gesammelt.<\/p>\n\n\n\n<p>Das&nbsp; gr\u00fcne Klassenzimmer, in dem der au\u00dferschulische Unterricht stattfindet, befindet sich im Freien, ist aber \u00fcberdacht.&nbsp;<\/p>\n\n\n\n<figure class=\"wp-block-image aligncenter is-resized\"><img decoding=\"async\" src=\"https:\/\/lh7-us.googleusercontent.com\/DHXXL2e-5JKxquGPc9y1iVisQRa1Qmq1h6KNhCqxv5aLrdUlNzrAUEYZy2gKOkzu7vgSAxJEuW24MCQuwineHl_1E8nvIjIXyx2_sx7wybjGBtaSDnHKeG-e_5EdrnqGfIl19tZVJVqu_iZw6eAkUQ\" alt=\"C:\\Users\\Halo\\Desktop\\Bienenschule alles\\Bilder\\nicole kiga.jpg\" style=\"width:543px;height:auto\"\/><\/figure>\n\n\n\n<p><strong>Lernen mit allen Sinnen&nbsp;<\/strong><\/p>\n\n\n\n<p>Spielerisch und direkt am&nbsp; Bienenvolk k\u00f6nnen Sch\u00fcler*innen und interessierte Erwachsene die spannende&nbsp; Welt der Bienen entdecken. Sehen, anfassen, riechen und schmecken. Den respektvolle Umgang mit Bienen, der leise und langsam ist, erlernen. Das Verhalten der Tiere verstehen und ihre gro\u00dfe Bedeutung f\u00fcr den Erhalt einer lebenswerten Umwelt&nbsp; begreifen ist unser Ziel.<\/p>\n\n\n\n<div class=\"wp-block-columns alignwide is-layout-flex wp-container-core-columns-is-layout-28f84493 wp-block-columns-is-layout-flex\">\n<div class=\"wp-block-column is-layout-flow wp-block-column-is-layout-flow\" style=\"flex-basis:100%\">\n<figure class=\"wp-block-image aligncenter\"><img decoding=\"async\" src=\"https:\/\/lh7-us.googleusercontent.com\/cFFoHGyloMpOZmOF_1bo8KljOhWWuLB-TH_xS9icoAZe-Oq9f7dehlsMzdYBPeRmgRzaCKaHVU1BBwji2dqWQvlbnKWUGXOpjspleA8o_8bxGj10RhABI4_5iAFTiZL2qZ0FuRk_CTJlJPdxnItOrA\" alt=\"\"\/><\/figure>\n<\/div>\n<\/div>\n\n\n\n<p>Die Gruppen werden, entsprechend der Teilnehmer*innenzahl, von ein bis zwei erfahrenen Imker*innen auf ihrer Entdeckungstour in die Welt der Honigbiene begleitet. Die Imker*innen werden bem\u00fcht sein alle Fragen zu beantworten und auf Vorschl\u00e4ge einzugehen.<\/p>\n\n\n\n<p>Mit Imkerjacken und Hauben ausgestattet wird das Innenleben einer Bienenbeute erforscht.&nbsp;&nbsp;<\/p>\n\n\n\n<figure class=\"wp-block-image aligncenter\"><img decoding=\"async\" src=\"https:\/\/lh7-us.googleusercontent.com\/OLiY641rQw_YuNPOMu65VDsMn0n7W9rPBzaKKXF0C0VLTbOoVSCKz18rb_pP8F3pHULKzLvY2f60GQ3KAltpVmCdDqYqlnB21C8eVm_rKBD56CYYbMhHUMerq_AbK8jqowyeDYNxd9LORr6NA7qiAA\" alt=\"C:\\Users\\Halo\\Desktop\\Bienenschule alles\\Bilder\\Marten mit Gruppe.jpeg\"\/><\/figure>\n\n\n\n<p><strong>Folgende Themen k\u00f6nnen im Rahmen der Veranstaltung behandelt werden:<\/strong><\/p>\n\n\n\n<ul class=\"wp-block-list\">\n<li>Richtiges Verhalten bei Bienen um Stiche zu vermeiden<\/li>\n\n\n\n<li>Biologie der Biene<\/li>\n\n\n\n<li>Organisation und Leben im Bienenstaat<\/li>\n\n\n\n<li>Sozialleistungen und Instinkthandlungen der Insekten<\/li>\n\n\n\n<li>Die Bedeutung der Bienen f\u00fcr die Umwelt und f\u00fcr die Ern\u00e4hrung<\/li>\n\n\n\n<li>Wildbienen, Hummeln und Wespen<\/li>\n\n\n\n<li>Wie macht die Biene den Honig?<\/li>\n\n\n\n<li>Was produziert die Biene noch?<\/li>\n\n\n\n<li>Ger\u00e4te und Grundlagen der Imkerei<\/li>\n\n\n\n<li>Aufgaben der Imker*innen<\/li>\n\n\n\n<li>Was kann ich f\u00fcr die Bienen tun?<\/li>\n\n\n\n<li>Was ist eine Bienenweide?<\/li>\n<\/ul>\n\n\n\n<figure class=\"wp-block-image aligncenter\"><img decoding=\"async\" src=\"https:\/\/lh7-us.googleusercontent.com\/NYSewtrQbki0WR_CDsJExSjBKB-flc4pLIvpLTeqnhPU19quvuXiPtwxjbcD_BqUBvexujpebObY7r56STOnX8pzphgR9skAQVfgRzs43BZQzloVXa3dot2VFHGZLXZcJQ5aTnAzOQGxU8vfMaDaeQ\" alt=\"https:\/\/www.bremer-imker.de\/bremer-imkerverein\/wp-content\/uploads\/2019\/05\/Biene2.jpg\"\/><\/figure>\n\n\n\n<p><strong>Spannende Praxis:<\/strong><\/p>\n\n\n\n<ul class=\"wp-block-list\">\n<li>Am offenen Bienenkasten Direktkontakt zu den Bienen<\/li>\n\n\n\n<li>Bienen beobachten<\/li>\n\n\n\n<li>Wachs, Honig und andere Produkte mit allen Sinnen erfahren: beobachten, riechen, f\u00fchlen, schmecken<\/li>\n\n\n\n<li>Verschiedene Honigsorten probieren<\/li>\n\n\n\n<li>Eventuell Honigernte (nur im Juli)<\/li>\n\n\n\n<li>Spiele zum Bienenwesen<\/li>\n<\/ul>\n\n\n\n<p><strong>Sommerferienprogramm:<\/strong><\/p>\n\n\n\n<ul class=\"wp-block-list\">\n<li>Spielerisch die Lebensweise der Bienen kennen lernen<\/li>\n\n\n\n<li>Aktionen zur Bienenweidepflege<\/li>\n\n\n\n<li>Nisthilfen bauen<\/li>\n\n\n\n<li>R\u00e4hmchen herstellen und drahten<\/li>\n\n\n\n<li>Bienenbeuten streichen und bemalen<\/li>\n\n\n\n<li>Bienenwachskreationen<\/li>\n\n\n\n<li>Kochen und backen mit Honig<\/li>\n<\/ul>\n\n\n\n<figure class=\"wp-block-image aligncenter\"><img decoding=\"async\" src=\"https:\/\/lh7-us.googleusercontent.com\/HiKGEvpyvnCHDtMOp3IyIDYz4EOApqfZuRx5WdEZpc7nxCIkqr4Y-ztkeYUiuS1fhCGjF_Da5UlDA6XoHDlgj1BxWgwO6Be2iSisQOvmcGRc488COmHShHEkEd6lo_jcHhiM9T7wwAk4bNgzF2Z6ng\" alt=\"C:\\Users\\Halo\\Desktop\\Bienenschule alles\\Bilder\\K\u00f6nigin.jpeg\"\/><\/figure>\n\n\n\n<p><strong>Kontakt und Anmeldung ab 2024 neu bei:<\/strong><br><strong><br><\/strong>Nicole Ehnert<\/p>\n\n\n\n<p>Tel.: 0157 8848 0354<\/p>\n\n\n\n<p>Email:&nbsp;<a href=\"mailto:bienenschule@bremer-imker.de\">bienenschule@bremer-imker.de<\/a><\/p>\n\n\n\n<figure class=\"wp-block-image aligncenter\"><img decoding=\"async\" src=\"https:\/\/lh7-us.googleusercontent.com\/8kL1i0CLRTAsIg8iJApNxWf2Lnv0BngoKMM46OoQv2jQXPqato4o_nTfvCQhzOx5vxi1sdNxaF4PK1gpG_IEakYa6TMYeuwiGOGT9-7CyiS8e8Qg4kzhbHubotTcbeSvRN9zmAilPFwSXv74944s6A\" alt=\"https:\/\/www.bremer-imker.de\/bremer-imkerverein\/wp-content\/uploads\/2019\/05\/Sonnenblume.jpg\"\/><\/figure>\n","protected":false},"excerpt":{"rendered":"<p>Seit Mai 2007 ist der Imkerverein Bremen&nbsp; von 1875 am L\u00fcr-Kropp-Hof in Oberneuland ein anerkannter au\u00dferschulischer Lernort. Wo die Bienen wohnen: Der Lehrbienenstand befindet sich im hinteren Teil des L\u00fcr-Kropp-Hof- Gel\u00e4ndes. Am Rand einer Streuobstwiese&nbsp; k\u00f6nnen die Bienen ungest\u00f6rt leben.&nbsp; Gezeigt werden ganz unterschiedliche Beutenarten. So werden die K\u00e4sten, K\u00f6rbe und Holzfiguren genannt in denen &hellip; <\/p>\n<p class=\"link-more\"><a href=\"https:\/\/www.bremer-imker.de\/bremer-imkerverein\/ausserschulischer-unterricht\/\" class=\"more-link\">Mehr <span class=\"screen-reader-text\">\u00fcber &#8222;Au\u00dferschulischer Unterricht&#8220; <\/span>Lesen<\/a><\/p>\n","protected":false},"author":2,"featured_media":0,"parent":0,"menu_order":0,"comment_status":"closed","ping_status":"closed","template":"","meta":{"_mc_calendar":[],"footnotes":""},"class_list":["post-65","page","type-page","status-publish","hentry"],"_links":{"self":[{"href":"https:\/\/www.bremer-imker.de\/bremer-imkerverein\/wp-json\/wp\/v2\/pages\/65","targetHints":{"allow":["GET"]}}],"collection":[{"href":"https:\/\/www.bremer-imker.de\/bremer-imkerverein\/wp-json\/wp\/v2\/pages"}],"about":[{"href":"https:\/\/www.bremer-imker.de\/bremer-imkerverein\/wp-json\/wp\/v2\/types\/page"}],"author":[{"embeddable":true,"href":"https:\/\/www.bremer-imker.de\/bremer-imkerverein\/wp-json\/wp\/v2\/users\/2"}],"replies":[{"embeddable":true,"href":"https:\/\/www.bremer-imker.de\/bremer-imkerverein\/wp-json\/wp\/v2\/comments?post=65"}],"version-history":[{"count":25,"href":"https:\/\/www.bremer-imker.de\/bremer-imkerverein\/wp-json\/wp\/v2\/pages\/65\/revisions"}],"predecessor-version":[{"id":4998,"href":"https:\/\/www.bremer-imker.de\/bremer-imkerverein\/wp-json\/wp\/v2\/pages\/65\/revisions\/4998"}],"wp:attachment":[{"href":"https:\/\/www.bremer-imker.de\/bremer-imkerverein\/wp-json\/wp\/v2\/media?parent=65"}],"curies":[{"name":"wp","href":"https:\/\/api.w.org\/{rel}","templated":true}]}}

Außerschulischer Unterricht

<p>Seit Mai 2007 ist der Imkerverein Bremen&nbsp; von 1875 am Lür-Kropp-Hof in Oberneuland ein anerkannter außerschulischer Lernort.</p>



<p><strong>Wo die Bienen wohnen:</strong></p>



<p>Der Lehrbienenstand befindet sich im hinteren Teil des Lür-Kropp-Hof- Geländes. Am Rand einer Streuobstwiese&nbsp; können die Bienen ungestört leben.&nbsp;</p>



<figure class="wp-block-image"><img decoding="async" src="https://lh7-us.googleusercontent.com/ctvRsUqWdok5XlKy4049JiwK2QlAtUX7QXi4iQ_dqgy0EexkEUPYmA-whSAfvRDfDbFmzznaTgrAKJvr900BYr1L6jjme320WCm0WdnQ9VqxYSbTQifVPJvK6sXszNFYV7oJ4XGhBRSaMunftOKKAA" alt="C:\Users\Halo\Desktop\Bienenschule alles\Bilder\Bienenstand Holz.jpg"/></figure>



<p>Gezeigt werden ganz unterschiedliche Beutenarten. So werden die Kästen, Körbe und Holzfiguren genannt in denen die Bienenvölker leben. Daneben sind diverse Behausungen für Wildbienen, Hummeln und Hornissen zu sehen.</p>



<p>Im „Bienenspeicher“&nbsp; wurden zahlreiche historische und neue Bienenbeuten sowie Imkergeräte gesammelt.</p>



<p>Das&nbsp; grüne Klassenzimmer, in dem der außerschulische Unterricht stattfindet, befindet sich im Freien, ist aber überdacht.&nbsp;</p>



<figure class="wp-block-image aligncenter is-resized"><img decoding="async" src="https://lh7-us.googleusercontent.com/DHXXL2e-5JKxquGPc9y1iVisQRa1Qmq1h6KNhCqxv5aLrdUlNzrAUEYZy2gKOkzu7vgSAxJEuW24MCQuwineHl_1E8nvIjIXyx2_sx7wybjGBtaSDnHKeG-e_5EdrnqGfIl19tZVJVqu_iZw6eAkUQ" alt="C:\Users\Halo\Desktop\Bienenschule alles\Bilder\nicole kiga.jpg" style="width:543px;height:auto"/></figure>



<p><strong>Lernen mit allen Sinnen&nbsp;</strong></p>



<p>Spielerisch und direkt am&nbsp; Bienenvolk können Schüler*innen und interessierte Erwachsene die spannende&nbsp; Welt der Bienen entdecken. Sehen, anfassen, riechen und schmecken. Den respektvolle Umgang mit Bienen, der leise und langsam ist, erlernen. Das Verhalten der Tiere verstehen und ihre große Bedeutung für den Erhalt einer lebenswerten Umwelt&nbsp; begreifen ist unser Ziel.</p>



<div class="wp-block-columns alignwide is-layout-flex wp-container-core-columns-is-layout-28f84493 wp-block-columns-is-layout-flex">
<div class="wp-block-column is-layout-flow wp-block-column-is-layout-flow" style="flex-basis:100%">
<figure class="wp-block-image aligncenter"><img decoding="async" src="https://lh7-us.googleusercontent.com/cFFoHGyloMpOZmOF_1bo8KljOhWWuLB-TH_xS9icoAZe-Oq9f7dehlsMzdYBPeRmgRzaCKaHVU1BBwji2dqWQvlbnKWUGXOpjspleA8o_8bxGj10RhABI4_5iAFTiZL2qZ0FuRk_CTJlJPdxnItOrA" alt=""/></figure>
</div>
</div>



<p>Die Gruppen werden, entsprechend der Teilnehmer*innenzahl, von ein bis zwei erfahrenen Imker*innen auf ihrer Entdeckungstour in die Welt der Honigbiene begleitet. Die Imker*innen werden bemüht sein alle Fragen zu beantworten und auf Vorschläge einzugehen.</p>



<p>Mit Imkerjacken und Hauben ausgestattet wird das Innenleben einer Bienenbeute erforscht.&nbsp;&nbsp;</p>



<figure class="wp-block-image aligncenter"><img decoding="async" src="https://lh7-us.googleusercontent.com/OLiY641rQw_YuNPOMu65VDsMn0n7W9rPBzaKKXF0C0VLTbOoVSCKz18rb_pP8F3pHULKzLvY2f60GQ3KAltpVmCdDqYqlnB21C8eVm_rKBD56CYYbMhHUMerq_AbK8jqowyeDYNxd9LORr6NA7qiAA" alt="C:\Users\Halo\Desktop\Bienenschule alles\Bilder\Marten mit Gruppe.jpeg"/></figure>



<p><strong>Folgende Themen können im Rahmen der Veranstaltung behandelt werden:</strong></p>



<ul class="wp-block-list">
<li>Richtiges Verhalten bei Bienen um Stiche zu vermeiden</li>



<li>Biologie der Biene</li>



<li>Organisation und Leben im Bienenstaat</li>



<li>Sozialleistungen und Instinkthandlungen der Insekten</li>



<li>Die Bedeutung der Bienen für die Umwelt und für die Ernährung</li>



<li>Wildbienen, Hummeln und Wespen</li>



<li>Wie macht die Biene den Honig?</li>



<li>Was produziert die Biene noch?</li>



<li>Geräte und Grundlagen der Imkerei</li>



<li>Aufgaben der Imker*innen</li>



<li>Was kann ich für die Bienen tun?</li>



<li>Was ist eine Bienenweide?</li>
</ul>



<figure class="wp-block-image aligncenter"><img decoding="async" src="https://lh7-us.googleusercontent.com/NYSewtrQbki0WR_CDsJExSjBKB-flc4pLIvpLTeqnhPU19quvuXiPtwxjbcD_BqUBvexujpebObY7r56STOnX8pzphgR9skAQVfgRzs43BZQzloVXa3dot2VFHGZLXZcJQ5aTnAzOQGxU8vfMaDaeQ" alt="https://www.bremer-imker.de/bremer-imkerverein/wp-content/uploads/2019/05/Biene2.jpg"/></figure>



<p><strong>Spannende Praxis:</strong></p>



<ul class="wp-block-list">
<li>Am offenen Bienenkasten Direktkontakt zu den Bienen</li>



<li>Bienen beobachten</li>



<li>Wachs, Honig und andere Produkte mit allen Sinnen erfahren: beobachten, riechen, fühlen, schmecken</li>



<li>Verschiedene Honigsorten probieren</li>



<li>Eventuell Honigernte (nur im Juli)</li>



<li>Spiele zum Bienenwesen</li>
</ul>



<p><strong>Sommerferienprogramm:</strong></p>



<ul class="wp-block-list">
<li>Spielerisch die Lebensweise der Bienen kennen lernen</li>



<li>Aktionen zur Bienenweidepflege</li>



<li>Nisthilfen bauen</li>



<li>Rähmchen herstellen und drahten</li>



<li>Bienenbeuten streichen und bemalen</li>



<li>Bienenwachskreationen</li>



<li>Kochen und backen mit Honig</li>
</ul>



<figure class="wp-block-image aligncenter"><img decoding="async" src="https://lh7-us.googleusercontent.com/HiKGEvpyvnCHDtMOp3IyIDYz4EOApqfZuRx5WdEZpc7nxCIkqr4Y-ztkeYUiuS1fhCGjF_Da5UlDA6XoHDlgj1BxWgwO6Be2iSisQOvmcGRc488COmHShHEkEd6lo_jcHhiM9T7wwAk4bNgzF2Z6ng" alt="C:\Users\Halo\Desktop\Bienenschule alles\Bilder\Königin.jpeg"/></figure>



<p><strong>Kontakt und Anmeldung ab 2024 neu bei:</strong><br><strong><br></strong>Nicole Ehnert</p>



<p>Tel.: 0157 8848 0354</p>



<p>Email:&nbsp;<a href="mailto:bienenschule@bremer-imker.de">bienenschule@bremer-imker.de</a></p>



<figure class="wp-block-image aligncenter"><img decoding="async" src="https://lh7-us.googleusercontent.com/8kL1i0CLRTAsIg8iJApNxWf2Lnv0BngoKMM46OoQv2jQXPqato4o_nTfvCQhzOx5vxi1sdNxaF4PK1gpG_IEakYa6TMYeuwiGOGT9-7CyiS8e8Qg4kzhbHubotTcbeSvRN9zmAilPFwSXv74944s6A" alt="https://www.bremer-imker.de/bremer-imkerverein/wp-content/uploads/2019/05/Sonnenblume.jpg"/></figure>

<p>Seit Mai 2007 ist der Imkerverein Bremen&nbsp; von 1875 am Lür-Kropp-Hof in Oberneuland ein anerkannter außerschulischer Lernort. Wo die Bienen wohnen: Der Lehrbienenstand befindet sich im hinteren Teil des Lür-Kropp-Hof- Geländes. Am Rand einer Streuobstwiese&nbsp; können die Bienen ungestört leben.&nbsp; Gezeigt werden ganz unterschiedliche Beutenarten. So werden die Kästen, Körbe und Holzfiguren genannt in denen &hellip; </p>
<p class="link-more"><a href="https://www.bremer-imker.de/bremer-imkerverein/ausserschulischer-unterricht/" class="more-link">Mehr <span class="screen-reader-text">über &#8222;Außerschulischer Unterricht&#8220; </span>Lesen</a></p>
