{"id":865,"date":"2016-03-09T03:12:51","date_gmt":"2016-03-09T02:12:51","guid":{"rendered":"http:\/\/www.bremer-imker.de\/bremer-imkerverein\/?page_id=865"},"modified":"2025-08-07T11:58:01","modified_gmt":"2025-08-07T09:58:01","slug":"wespen-hummeln-hornissen","status":"publish","type":"page","link":"https:\/\/www.bremer-imker.de\/bremer-imkerverein\/wespen-hummeln-hornissen\/","title":{"rendered":"Wespen-Hummeln-Hornissen"},"content":{"rendered":"<h3><span style=\"color: #008000;\"><b>Asiatische Hornisse (<\/b><i><b>vespa velutina<\/b><\/i><b>)<\/b><\/span><\/h3>\n<p>Asiatische Hornisse: So nicht!<br \/>\nSowohl wir Imkervereine in Bremen als auch die Untere Naturschutzbeh\u00f6rde bekamen in den letzten<br \/>\nzwei Wochen Fotos und get\u00f6tete Insekten zugesendet mit der Vermutung, dass es sich um die<br \/>\nAsiatische Hornisse (vespa velutina) handele. Aber in keinem Fall war es eine Asiatische Hornisse,<br \/>\nsondern fast ausschlie\u00dflich unter Artenschutz stehende Europ\u00e4ische Hornissen-K\u00f6niginnen oder<br \/>\nWespen-K\u00f6niginnen! Wir brauchen die Mithilfe von Imkern und \u00d6ffentlichkeit, um mehr Sichtungen<br \/>\nzu bekommen, aber dieses sinnlose Gemetzel muss aufh\u00f6ren.<br \/>\n<strong>Deshalb unser Vorschlag f\u00fcr verantwortungsvolles Vorgehen:<\/strong><\/p>\n<p>Macht ein Foto des Insekts oder fangt es ein und fotografiert es dann. Geht auf die Seite<br \/>\n<a href=\"http:\/\/www.velutina.info\">www.velutina.info<\/a><br \/>\nund gebt eure E-mail-Adresse, den Standort der Sichtung und das Foto ein.<\/p>\n<p>Innerhalb weniger Minuten erhaltet ihr eine Mail mit dem Ergebnis der KI-Pr\u00fcfung. <strong>Wenn es KEINE<\/strong><br \/>\n<strong>Asiatische Hornisse ist, lasst das gefangene Insekt bitte sofort wieder frei, denn gefangene<\/strong><br \/>\n<strong>K\u00f6niginnen sterben innerhalb von wenigen Stunden und die Nester k\u00f6nnen nicht mehr versorgt<\/strong><br \/>\n<strong>werden.<\/strong><br \/>\nSolltet ihr aber eine Asiatische Hornisse gefunden haben, werden durch <a href=\"http:\/\/www.velutina.info\">www.velutina.info<\/a><br \/>\nautomatisch die am Sichtungsort zust\u00e4ndigen Beh\u00f6rden informiert. Das klappt hervorragend, wir<br \/>\nhaben es selbst ausprobiert!<\/p>\n<h3><span style=\"color: #008000;\">Bienennest im Garten \u2013 Infos und Verhaltenstipps<\/span><\/h3>\n<p>Bienen sind flei\u00dfige Tiere, die zur Vielfalt der Pflanzen- und Tierwelt beitragen. Dennoch haben viele Menschen Angst vor ihnen. Wer jedoch wei\u00df, wie man mit den<br \/>\nsummenden Insekten und einem Bienennest im Garten umgeht, hat wenig zu bef\u00fcrchten.<\/p>\n<p>Lesen Sie bitte &#8222;<a href=\"http:\/\/ratgeber.immowelt.de\/a\/bienennest-im-garten-infos-und-verhaltenstipps.html\" target=\"_blank\" rel=\"noopener noreferrer\">Bienennest im Garten &#8211; Infos und Verhaltenstipps<\/a>&#8220; auf Immowelt.de<\/p>\n<h3><span style=\"color: #008000;\">Das Wespennest: Tipps zum Umgang mit den Tieren<\/span><\/h3>\n<p>Sobald es warm wird, beginnt die Wespenk\u00f6nigin ein Nest f\u00fcr ihr Volk zu bauen \u2013<br \/>\nund das oftmals in der N\u00e4he des Menschen. Wer jedoch wei\u00df, wie man mit den Tieren umgeht,<br \/>\nhat von einem Wespennest am Haus oder im Garten wenig zu bef\u00fcrchten.<br \/>\n&#8211; von Alexandra Potthof-<\/p>\n<p>Lesen Sie bitte &#8222;<a href=\"http:\/\/ratgeber.immowelt.de\/a\/das-wespennest-tipps-zum-umgang-mit-den-tieren.html\" target=\"_blank\" rel=\"noopener noreferrer\">Das Wespennest: Tipps zum Umgang mit den Tieren<\/a>&#8220; auf Immowelt.de<\/p>\n<h3><span style=\"color: #008000;\">Wespen, Hummeln, Hornissen &amp; alle Arten von Wildbienen<\/span><\/h3>\n<p>Im Sp\u00e4tsommer haben sich die Wespen, Hummel und Hornissen in der Volksst\u00e4rke erheblich vermehrt und ihre Nester sichtbar erweitert , sie begegnen uns des \u00f6fteren und das ist nicht immer angenehm.<\/p>\n<p><strong>Haben Sie Fragen oder Probleme mit diesen Artgenossen? Rufen Sie uns an von 9:00 Uhr bis 13:00 Uhr oder von 15:00 bis 18:00 Uhr:<\/strong><\/p>\n<p><strong>Horst Wolfrum 28219 Bremen, Tel.: <span id=\"skype_c2c_container\" class=\"skype_c2c_container notranslate\" dir=\"ltr\" tabindex=\"-1\" data-numbertocall=\"+49421393646\" data-numbertype=\"paid\" data-isfreecall=\"false\" data-isrtl=\"false\" data-ismobile=\"false\"><span class=\"skype_c2c_highlighting_inactive_common\" dir=\"ltr\"><span id=\"non_free_num_ui\" class=\"skype_c2c_textarea_span\"><span class=\"skype_c2c_text_span\">0421 393646<\/span><\/span><\/span><\/span><\/strong><\/p>\n<p><strong>Felix Hahn, 28203 Bremen, Tel: 0174-1737874 <\/strong>(Aus beruflichen Gr\u00fcnden kann ich leider nicht immer sofort jedes Telefonat annehmen.<br \/>\nUm die Beratung noch zielgerichteter gestalten zu k\u00f6nnen, k\u00f6nnen Sie mir gerne auch ein Foto per WhatsApp oder Threema schicken und ihre Situation kurz schildern.)<\/p>\n<p><strong>G\u00fcnter Boockmeyer<\/strong> <strong>Mobil<\/strong>:\u00a0 <strong>+49174 3410917<\/strong><\/p>\n<p><strong>Die telefonische Beratung ist kostenlos. Die Entfernung der Wespen, Hummeln und Hornissen kostet 100\u20ac.<\/strong><\/p>\n<p>F\u00fcr die Dokumentation der Beratung wurde das folgende Meldeformular f\u00fcr den Berater erstellt.<\/p>\n<p><a href=\"https:\/\/www.bremer-imker.de\/bremer-imkerverein\/wp-content\/uploads\/2018\/06\/Meldung-Beratung-Umsiedlung.pdf\">Meldung Beratung-Umsiedlung<\/a><\/p>\n","protected":false},"excerpt":{"rendered":"<p>Asiatische Hornisse (vespa velutina) Asiatische Hornisse: So nicht! Sowohl wir Imkervereine in Bremen als auch die Untere Naturschutzbeh\u00f6rde bekamen in den letzten zwei Wochen Fotos und get\u00f6tete Insekten zugesendet mit der Vermutung, dass es sich um die Asiatische Hornisse (vespa velutina) handele. Aber in keinem Fall war es eine Asiatische Hornisse, sondern fast ausschlie\u00dflich unter &hellip; <\/p>\n<p class=\"link-more\"><a href=\"https:\/\/www.bremer-imker.de\/bremer-imkerverein\/wespen-hummeln-hornissen\/\" class=\"more-link\">Mehr <span class=\"screen-reader-text\">\u00fcber &#8222;Wespen-Hummeln-Hornissen&#8220; <\/span>Lesen<\/a><\/p>\n","protected":false},"author":2,"featured_media":0,"parent":0,"menu_order":0,"comment_status":"closed","ping_status":"closed","template":"","meta":{"_mc_calendar":[],"footnotes":""},"class_list":["post-865","page","type-page","status-publish","hentry"],"_links":{"self":[{"href":"https:\/\/www.bremer-imker.de\/bremer-imkerverein\/wp-json\/wp\/v2\/pages\/865","targetHints":{"allow":["GET"]}}],"collection":[{"href":"https:\/\/www.bremer-imker.de\/bremer-imkerverein\/wp-json\/wp\/v2\/pages"}],"about":[{"href":"https:\/\/www.bremer-imker.de\/bremer-imkerverein\/wp-json\/wp\/v2\/types\/page"}],"author":[{"embeddable":true,"href":"https:\/\/www.bremer-imker.de\/bremer-imkerverein\/wp-json\/wp\/v2\/users\/2"}],"replies":[{"embeddable":true,"href":"https:\/\/www.bremer-imker.de\/bremer-imkerverein\/wp-json\/wp\/v2\/comments?post=865"}],"version-history":[{"count":20,"href":"https:\/\/www.bremer-imker.de\/bremer-imkerverein\/wp-json\/wp\/v2\/pages\/865\/revisions"}],"predecessor-version":[{"id":5507,"href":"https:\/\/www.bremer-imker.de\/bremer-imkerverein\/wp-json\/wp\/v2\/pages\/865\/revisions\/5507"}],"wp:attachment":[{"href":"https:\/\/www.bremer-imker.de\/bremer-imkerverein\/wp-json\/wp\/v2\/media?parent=865"}],"curies":[{"name":"wp","href":"https:\/\/api.w.org\/{rel}","templated":true}]}}